{"id":6467,"date":"2020-02-28T16:48:41","date_gmt":"2020-02-28T14:48:41","guid":{"rendered":"https:\/\/biospa.ee\/?page_id=6467"},"modified":"2026-04-14T21:12:42","modified_gmt":"2026-04-14T18:12:42","slug":"kontakt","status":"publish","type":"page","link":"https:\/\/biospa.ee\/fl2025\/kontakt\/","title":{"rendered":"Kontakt"},"content":{"rendered":"<p><div class=\"fusion-fullwidth fullwidth-box fusion-builder-row-1 nonhundred-percent-fullwidth non-hundred-percent-height-scrolling\" style=\"--awb-border-radius-top-left:0px;--awb-border-radius-top-right:0px;--awb-border-radius-bottom-right:0px;--awb-border-radius-bottom-left:0px;--awb-flex-wrap:wrap;\" ><div class=\"fusion-builder-row fusion-row\"><div class=\"fusion-layout-column fusion_builder_column fusion-builder-column-0 fusion_builder_column_1_2 1_2 fusion-one-half fusion-column-first\" style=\"--awb-bg-size:cover;--awb-margin-bottom:0px;width:48%; margin-right: 4%;\"><div class=\"fusion-column-wrapper fusion-flex-column-wrapper-legacy\"><div class=\"fusion-image-element in-legacy-container\" style=\"--awb-caption-title-font-family:var(--h2_typography-font-family);--awb-caption-title-font-weight:var(--h2_typography-font-weight);--awb-caption-title-font-style:var(--h2_typography-font-style);--awb-caption-title-size:var(--h2_typography-font-size);--awb-caption-title-transform:var(--h2_typography-text-transform);--awb-caption-title-line-height:var(--h2_typography-line-height);--awb-caption-title-letter-spacing:var(--h2_typography-letter-spacing);\"><span class=\" fusion-imageframe imageframe-dropshadow imageframe-1 hover-type-none\" style=\"-webkit-box-shadow: 3px 3px 7px rgba(0,0,0,0.3);box-shadow: 3px 3px 7px rgba(0,0,0,0.3);\"><img decoding=\"async\" width=\"1200\" height=\"899\" title=\"default\" src=\"https:\/\/biospa.ee\/fl2025\/wp-content\/uploads\/2026\/01\/2023_06_20-1-Biospa-DJI_20230620204638_0062_D-Biospa-1200x899-1.jpg\" alt class=\"img-responsive wp-image-95310\" srcset=\"https:\/\/biospa.ee\/fl2025\/wp-content\/uploads\/2026\/01\/2023_06_20-1-Biospa-DJI_20230620204638_0062_D-Biospa-1200x899-1-200x150.jpg 200w, https:\/\/biospa.ee\/fl2025\/wp-content\/uploads\/2026\/01\/2023_06_20-1-Biospa-DJI_20230620204638_0062_D-Biospa-1200x899-1-400x300.jpg 400w, https:\/\/biospa.ee\/fl2025\/wp-content\/uploads\/2026\/01\/2023_06_20-1-Biospa-DJI_20230620204638_0062_D-Biospa-1200x899-1-600x450.jpg 600w, https:\/\/biospa.ee\/fl2025\/wp-content\/uploads\/2026\/01\/2023_06_20-1-Biospa-DJI_20230620204638_0062_D-Biospa-1200x899-1-800x599.jpg 800w, https:\/\/biospa.ee\/fl2025\/wp-content\/uploads\/2026\/01\/2023_06_20-1-Biospa-DJI_20230620204638_0062_D-Biospa-1200x899-1.jpg 1200w\" sizes=\"(max-width: 800px) 100vw, 800px\" \/><\/span><\/div><div class=\"fusion-sep-clear\"><\/div><div class=\"fusion-separator fusion-full-width-sep\" style=\"margin-left: auto;margin-right: auto;margin-top:10px;width:100%;\"><\/div><div class=\"fusion-sep-clear\"><\/div><div class=\"fusion-clearfix\"><\/div><\/div><\/div><div class=\"fusion-layout-column fusion_builder_column fusion-builder-column-1 fusion_builder_column_1_2 1_2 fusion-one-half fusion-column-last\" style=\"--awb-bg-size:cover;--awb-margin-bottom:0px;width:48%;\"><div class=\"fusion-column-wrapper fusion-flex-column-wrapper-legacy\"><div class=\"fusion-text fusion-text-1\"><h2>Loodus BIOSPA (paastukeskus)<\/h2>\n<p>Tel. (+372) 509 3581 (iga p\u00e4ev 9:00 \u2013 18:00)<br \/>\nE-mail: <a href=\"mailto:loodus@biospa.ee\" target=\"_blank\" rel=\"noopener noreferrer\">loodus@biospa.ee<\/a> | Veeb: <a href=\"http:\/\/biospa.ee\">biospa.ee<\/a><\/p>\n<p>Asume vaid\u00a05 km kaugusel Tartust, aadressil Tilga tee, Muri k\u00fcla, Luunja vald, 62208 Tartumaa<\/p>\n<p>GPS koordinaadid: 58\u00b0 24\u00b4 26\u00b4\u00b4N; 26\u00b0 49\u00b430\u00b4\u00b4 E<\/p>\n<\/div><div class=\"fusion-text fusion-text-2\"><h3>O\u00dc TESMASAN<\/h3>\n<p>Reg.nr. 10321573<br \/>\nSoinaste 49-3 50404 Tartu<\/p>\n<p>Turism Majutusteenuse osutamine TME000623<br \/>\nHotell<\/p>\n<\/div><div class=\"fusion-text fusion-text-3\"><h2>Meie sotsiaalmeedias<\/h2>\n<p>Facebook:\u00a0<a href=\"https:\/\/www.facebook.com\/LoodusBioSpa\/\" target=\"_blank\" rel=\"noopener noreferrer\">https:\/\/www.facebook.com\/LoodusBioSpa\/<\/a><br \/>\nInstagram (RU ja ENG): <a href=\"https:\/\/www.instagram.com\/loodusbiospa\/\" target=\"_blank\" rel=\"noopener noreferrer\">https:\/\/www.instagram.com\/loodusbiospa\/<\/a><\/p>\n<\/div><div class=\"fusion-clearfix\"><\/div><\/div><\/div><\/div><\/div><div class=\"fusion-fullwidth fullwidth-box fusion-builder-row-2 fusion-flex-container has-pattern-background has-mask-background nonhundred-percent-fullwidth non-hundred-percent-height-scrolling\" style=\"--awb-border-radius-top-left:0px;--awb-border-radius-top-right:0px;--awb-border-radius-bottom-right:0px;--awb-border-radius-bottom-left:0px;--awb-margin-top:40px;--awb-flex-wrap:wrap;\" ><div class=\"fusion-builder-row fusion-row fusion-flex-align-items-flex-start fusion-flex-content-wrap\" style=\"max-width:1560px;margin-left: calc(-4% \/ 2 );margin-right: calc(-4% \/ 2 );\"><div class=\"fusion-layout-column fusion_builder_column fusion-builder-column-2 fusion_builder_column_1_2 1_2 fusion-flex-column\" style=\"--awb-bg-size:cover;--awb-width-large:50%;--awb-margin-top-large:0px;--awb-spacing-right-large:3.84%;--awb-margin-bottom-large:20px;--awb-spacing-left-large:3.84%;--awb-width-medium:100%;--awb-order-medium:0;--awb-spacing-right-medium:1.92%;--awb-spacing-left-medium:1.92%;--awb-width-small:100%;--awb-order-small:0;--awb-spacing-right-small:1.92%;--awb-spacing-left-small:1.92%;\"><div class=\"fusion-column-wrapper fusion-column-has-shadow fusion-flex-justify-content-flex-start fusion-content-layout-column\"><div class=\"fusion-image-element \" style=\"text-align:center;--awb-caption-title-font-family:var(--h2_typography-font-family);--awb-caption-title-font-weight:var(--h2_typography-font-weight);--awb-caption-title-font-style:var(--h2_typography-font-style);--awb-caption-title-size:var(--h2_typography-font-size);--awb-caption-title-transform:var(--h2_typography-text-transform);--awb-caption-title-line-height:var(--h2_typography-line-height);--awb-caption-title-letter-spacing:var(--h2_typography-letter-spacing);\"><span class=\" fusion-imageframe imageframe-none imageframe-2 hover-type-none\"><img decoding=\"async\" width=\"600\" height=\"400\" title=\"WEB_Kroot_Tarkmeel_Photography-2421-600&#215;400\" src=\"https:\/\/biospa.ee\/fl2025\/wp-content\/uploads\/2026\/01\/WEB_Kroot_Tarkmeel_Photography-2421-600x400-1.jpg\" alt class=\"img-responsive wp-image-95312\" srcset=\"https:\/\/biospa.ee\/fl2025\/wp-content\/uploads\/2026\/01\/WEB_Kroot_Tarkmeel_Photography-2421-600x400-1-200x133.jpg 200w, https:\/\/biospa.ee\/fl2025\/wp-content\/uploads\/2026\/01\/WEB_Kroot_Tarkmeel_Photography-2421-600x400-1-400x267.jpg 400w, https:\/\/biospa.ee\/fl2025\/wp-content\/uploads\/2026\/01\/WEB_Kroot_Tarkmeel_Photography-2421-600x400-1.jpg 600w\" sizes=\"(max-width: 1024px) 100vw, (max-width: 640px) 100vw, 600px\" \/><\/span><\/div><div class=\"fusion-text fusion-text-4\" style=\"--awb-margin-top:15px;\"><p style=\"text-align: center;\"><b>Dr. med Natalia Trofimova<br \/>\n<a href=\"https:\/\/biospa.ee\/fl2025\/toode\/dr-trofimova-virtuaalne-vastuvott\/\" target=\"_blank\" rel=\"noopener\">Registreeru virtuaalsele vastuv\u00f5tule<\/a><\/b><\/p>\n<\/div><\/div><\/div><div class=\"fusion-layout-column fusion_builder_column fusion-builder-column-3 fusion_builder_column_1_2 1_2 fusion-flex-column\" style=\"--awb-bg-size:cover;--awb-width-large:50%;--awb-margin-top-large:0px;--awb-spacing-right-large:3.84%;--awb-margin-bottom-large:20px;--awb-spacing-left-large:3.84%;--awb-width-medium:100%;--awb-order-medium:0;--awb-spacing-right-medium:1.92%;--awb-spacing-left-medium:1.92%;--awb-width-small:100%;--awb-order-small:0;--awb-spacing-right-small:1.92%;--awb-spacing-left-small:1.92%;\"><div class=\"fusion-column-wrapper fusion-column-has-shadow fusion-flex-justify-content-flex-start fusion-content-layout-column\"><div class=\"fusion-text fusion-text-5\"><h2 class=\"fusion-responsive-typography-calculated\" data-fontsize=\"24\" data-lineheight=\"31.2px\">Biokliinik (ambulatoorne vastuv\u00f5tt ja e-pood)<\/h2>\n<p>Reg.kood 11232469<br \/>\nKMKR nr: EE101134228<br \/>\nIBAN (Swedbank) EE802200221031316322<br \/>\nBIC: HABAEE2X<\/p>\n<p>Tel.(+372) 53 47 1532 (E-R: 09:00 \u2013 17:00)<br \/>\nE-mail:\u00a0<a href=\"mailto:biokliinik@biospa.ee\" target=\"_blank\" rel=\"noopener noreferrer\">biokliinik@biospa.ee<\/a>\u00a0| Veeb:\u00a0<a href=\"https:\/\/www.biokliinik.ee\/\" target=\"_blank\" rel=\"noopener\">biokliinik.ee<\/a><\/p>\n<p>E-pood:\u00a0<a href=\"https:\/\/biospa.ee\/pood\/\" target=\"_blank\" rel=\"noopener\">https:\/\/biospa.ee\/pood\/<\/a><\/p>\n<p>Asume Tartu kesklinnas, aadressil\u00a0Raatuse 86, Tartu<\/p>\n<\/div><\/div><\/div><\/div><\/div><div class=\"fusion-fullwidth fullwidth-box fusion-builder-row-3 nonhundred-percent-fullwidth non-hundred-percent-height-scrolling\" style=\"--awb-border-radius-top-left:0px;--awb-border-radius-top-right:0px;--awb-border-radius-bottom-right:0px;--awb-border-radius-bottom-left:0px;--awb-flex-wrap:wrap;\" ><div class=\"fusion-builder-row fusion-row\"><div class=\"fusion-layout-column fusion_builder_column fusion-builder-column-4 fusion_builder_column_1_2 1_2 fusion-one-half fusion-column-first\" style=\"--awb-bg-size:cover;width:50%;width:calc(50% - ( ( 4% ) * 0.5 ) );margin-right: 4%;\"><div class=\"fusion-column-wrapper fusion-column-has-shadow fusion-flex-column-wrapper-legacy\"><div class=\"fusion-sep-clear\"><\/div><div class=\"fusion-separator fusion-full-width-sep\" style=\"margin-left: auto;margin-right: auto;margin-top:10px;width:100%;\"><\/div><div class=\"fusion-sep-clear\"><\/div><div class=\"fusion-text fusion-text-6\" style=\"--awb-text-transform:none;\"><h2>Kuidas Loodus BIOSPAsse kohale saada?<\/h2>\n<ul>\n<li><strong>Taksoga Tartu\u00a0<\/strong>bussijaamast, rongijaamast v\u00f5i lennujaamast\u00a0 (hind ca. \u20ac12).\u00a0 Taksod on nendes kohtades alati ootel (telefon: +372 7420 000)<\/li>\n<li><strong>Tallinna lennujaamast\u00a0<\/strong>bussiga \u20ac12-15 (<a href=\"http:\/\/luxexpress.ee\/\" target=\"_blank\" rel=\"noopener\" data-saferedirecturl=\"https:\/\/www.google.com\/url?q=http:\/\/luxexpress.ee&amp;source=gmail&amp;ust=1636708831474000&amp;usg=AOvVaw0PjQbtFCmymm1ugzZox8cm\">luxexpress.ee<\/a>)<\/li>\n<li><strong>Riiast\u00a0<\/strong>bussiga \u20ac20-25 (<a href=\"http:\/\/luxexpress.ee\/\" target=\"_blank\" rel=\"noopener\" data-saferedirecturl=\"https:\/\/www.google.com\/url?q=http:\/\/luxexpress.ee&amp;source=gmail&amp;ust=1636708831475000&amp;usg=AOvVaw1NK_RRIF-g8MB9PFmjh3zV\">luxexpress.ee<\/a>)<\/li>\n<li><strong>Helsingist<\/strong>\u00a0<strong>v\u00e4ljuvad otselennud<\/strong>\u00a0Tartusse. Lennureis kestab 45 minutit. Vaata t\u00e4pset lennuplaani ja piletite hindu\u00a0<strong><a href=\"https:\/\/www.finnair.com\/ee-et\">Finnairi kodulehelt.\u00a0<\/a><\/strong><\/li>\n<li>Kui Te tulete\u00a0<strong>oma autoga<\/strong>, s\u00f5itke Tartu kesklinnast Jaama t\u00e4nava l\u00f5ppu. Tartu-R\u00e4pina maantee alguses, enne linnapiiri, teiselt ringilt tuleb keerata vasakule, \u201cR\u00d5\u00d5MU\u201d suunas. 3,5 km p\u00e4rast n\u00e4ete suunam\u00e4rki LOODUS BIOSPA, siis p\u00f6\u00f6rata vasakule. Sealt on meieni 1,5 km. \u00dcleval on viidad.<\/li>\n<li><strong>Narva\u00a0<\/strong>poolt tulles keerake enne Olerexi tanklat (Aovere rist) R\u00e4pina suunas vasakule ja siis kohe paremale 44 tee, kollanem\u00e4rk. S\u00f5ita kuni tuleb m\u00e4rk Tartu 8km, keerata paremale. S\u00f5itke kuni n\u00e4ete suunam\u00e4rki LOODUS BIOSPA, siis p\u00f6\u00f6rata paremale. Sealt on meieni 1,5 km. \u00dcleval on viidad.<\/li>\n<\/ul>\n<\/div><div class=\"fusion-text fusion-text-7\" style=\"--awb-text-transform:none;\"><h2>Tubade varustus<\/h2>\n<p data-start=\"134\" data-end=\"228\">K\u00f5ik Loodus BIOSPA toad on loodud toetama puhastumise ja taastumise protsessi.<br data-start=\"212\" data-end=\"215\" \/>Tubades on:<\/p>\n<ul>\n<li data-start=\"231\" data-end=\"246\">Hommikumantel<\/li>\n<li data-start=\"249\" data-end=\"291\">K\u00e4ter\u00e4tikud, saunalinad ja massaa\u017eilinad<\/li>\n<li data-start=\"294\" data-end=\"300\">F\u00f6\u00f6n<\/li>\n<li data-start=\"303\" data-end=\"324\">Igap\u00e4evane koristus<\/li>\n<li data-start=\"327\" data-end=\"356\">Du\u0161igeel \/ \u0161ampoon (2-in-1)<\/li>\n<li data-start=\"359\" data-end=\"388\">Televiisor ja kaabel-TV<\/li>\n<li data-start=\"391\" data-end=\"424\">Konditsioneer (valitud tubades)<\/li>\n<li data-start=\"427\" data-end=\"473\">Veekeedukann (superior-tubades ja sviidis)<\/li>\n<\/ul>\n<h3 class=\"fusion-responsive-typography-calculated\" data-start=\"480\" data-end=\"516\" data-fontsize=\"28\" data-lineheight=\"33.6px\">\u00dcldalad ja k\u00fclaliste mugavused<\/h3>\n<p data-start=\"517\" data-end=\"555\">K\u00f5igile k\u00fclalistele on kasutamiseks:<\/p>\n<ul>\n<li data-start=\"558\" data-end=\"598\">Joogivesi, veekeedukann ja valik taimeteesid \u00fcldalal<\/li>\n<li data-start=\"601\" data-end=\"618\">Bassein ja saun<\/li>\n<li data-start=\"621\" data-end=\"635\">Tasuta Wi-Fi<\/li>\n<li data-start=\"638\" data-end=\"686\">Tasuta parkla (elektrilaadimine lisatasu eest)<\/li>\n<\/ul>\n<h2 class=\"fusion-responsive-typography-calculated\" data-fontsize=\"30\" data-lineheight=\"36px\">Majareeglid<\/h2>\n<ul>\n<li>meie juurde ei saa kaasa v\u00f5tta lemmikloomi<\/li>\n<li>majas ja maja \u00fcmbruses on suitsetamine ja alkoholi tarbimine keelatud<\/li>\n<li>paketis sisalduvate teenuste mittekasutamise v\u00f5i kuuri katkestamise korral raha ei tagastata<\/li>\n<\/ul>\n<\/div><div class=\"fusion-clearfix\"><\/div><\/div><\/div><div class=\"fusion-layout-column fusion_builder_column fusion-builder-column-5 fusion_builder_column_1_2 1_2 fusion-one-half fusion-column-last\" style=\"--awb-bg-size:cover;width:50%;width:calc(50% - ( ( 4% ) * 0.5 ) );\"><div class=\"fusion-column-wrapper fusion-column-has-shadow fusion-flex-column-wrapper-legacy\"><div class=\"fusion-sep-clear\"><\/div><div class=\"fusion-separator fusion-full-width-sep\" style=\"margin-left: auto;margin-right: auto;margin-top:10px;width:100%;\"><\/div><div class=\"fusion-sep-clear\"><\/div><div class=\"fusion-image-element in-legacy-container\" style=\"--awb-caption-title-font-family:var(--h2_typography-font-family);--awb-caption-title-font-weight:var(--h2_typography-font-weight);--awb-caption-title-font-style:var(--h2_typography-font-style);--awb-caption-title-size:var(--h2_typography-font-size);--awb-caption-title-transform:var(--h2_typography-text-transform);--awb-caption-title-line-height:var(--h2_typography-line-height);--awb-caption-title-letter-spacing:var(--h2_typography-letter-spacing);\"><span class=\" fusion-imageframe imageframe-dropshadow imageframe-3 hover-type-none\" style=\"-webkit-box-shadow: 3px 3px 7px rgba(0,0,0,0.3);box-shadow: 3px 3px 7px rgba(0,0,0,0.3);\"><img decoding=\"async\" width=\"800\" height=\"500\" title=\"BioSpa peahoone\" src=\"https:\/\/biospa.ee\/wp-content\/uploads\/2023\/09\/2023_06_20-1-Biospa-Z3-DJI_20230620203908_0040_D-Biospa-1-1-1-1.jpg\" alt class=\"img-responsive wp-image-29467\" srcset=\"https:\/\/biospa.ee\/fl2025\/wp-content\/uploads\/2023\/09\/2023_06_20-1-Biospa-Z3-DJI_20230620203908_0040_D-Biospa-1-1-1-1-200x125.jpg 200w, https:\/\/biospa.ee\/fl2025\/wp-content\/uploads\/2023\/09\/2023_06_20-1-Biospa-Z3-DJI_20230620203908_0040_D-Biospa-1-1-1-1-400x250.jpg 400w, https:\/\/biospa.ee\/fl2025\/wp-content\/uploads\/2023\/09\/2023_06_20-1-Biospa-Z3-DJI_20230620203908_0040_D-Biospa-1-1-1-1-600x375.jpg 600w, https:\/\/biospa.ee\/fl2025\/wp-content\/uploads\/2023\/09\/2023_06_20-1-Biospa-Z3-DJI_20230620203908_0040_D-Biospa-1-1-1-1.jpg 800w\" sizes=\"(max-width: 800px) 100vw, 800px\" \/><\/span><\/div><div class=\"fusion-sep-clear\"><\/div><div class=\"fusion-separator fusion-full-width-sep\" style=\"margin-left: auto;margin-right: auto;margin-top:20px;width:100%;\"><\/div><div class=\"fusion-sep-clear\"><\/div><div class=\"fusion-text fusion-text-8\"><p><iframe style=\"border: 0;\" tabindex=\"0\" src=\"https:\/\/www.google.com\/maps\/embed?pb=!1m18!1m12!1m3!1d2387016.7863072776!2d24.924070888600188!3d58.48160474657682!2m3!1f0!2f0!3f0!3m2!1i1024!2i768!4f13.1!3m3!1m2!1s0x0%3A0xce57a700a05426cc!2sTesmasan%20O%C3%9C%20Loodusravikeskus%20Loodus%20BioSpa!5e0!3m2!1set!2see!4v1600079353275!5m2!1set!2see\" width=\"600\" height=\"450\" frameborder=\"0\" allowfullscreen=\"allowfullscreen\" aria-hidden=\"false\"><\/iframe><\/p>\n<\/div><div class=\"fusion-clearfix\"><\/div><\/div><\/div><\/div><\/div><\/p>\n","protected":false},"excerpt":{"rendered":"","protected":false},"author":1,"featured_media":0,"parent":0,"menu_order":125,"comment_status":"closed","ping_status":"closed","template":"","meta":{"footnotes":""},"class_list":["post-6467","page","type-page","status-publish","hentry"],"yoast_head":"<!-- This site is optimized with the Yoast SEO plugin v27.0 - https:\/\/yoast.com\/product\/yoast-seo-wordpress\/ -->\n<title>Kontakt - Loodus BioSpa<\/title>\n<meta name=\"robots\" content=\"noindex, follow, max-snippet:-1, max-image-preview:large, max-video-preview:-1\" \/>\n<meta property=\"og:locale\" content=\"et_EE\" \/>\n<meta property=\"og:type\" content=\"article\" \/>\n<meta property=\"og:title\" content=\"Kontakt - Loodus BioSpa\" \/>\n<meta property=\"og:url\" content=\"https:\/\/biospa.ee\/fl2025\/kontakt\/\" \/>\n<meta property=\"og:site_name\" content=\"Loodus BioSpa\" \/>\n<meta property=\"article:publisher\" content=\"https:\/\/www.facebook.com\/LoodusBioSpa\/\" \/>\n<meta property=\"article:modified_time\" content=\"2026-04-14T18:12:42+00:00\" \/>\n<meta property=\"og:image\" content=\"https:\/\/biospa.ee\/fl2025\/wp-content\/uploads\/2025\/11\/BioSpa-loggo-est.png\" \/>\n\t<meta property=\"og:image:width\" content=\"842\" \/>\n\t<meta property=\"og:image:height\" content=\"595\" \/>\n\t<meta property=\"og:image:type\" content=\"image\/png\" \/>\n<meta name=\"twitter:card\" content=\"summary_large_image\" \/>\n<meta name=\"twitter:label1\" content=\"Est. reading time\" \/>\n\t<meta name=\"twitter:data1\" content=\"3 minutit\" \/>\n<script type=\"application\/ld+json\" class=\"yoast-schema-graph\">{\"@context\":\"https:\/\/schema.org\",\"@graph\":[{\"@type\":\"WebPage\",\"@id\":\"https:\/\/biospa.ee\/fl2025\/kontakt\/\",\"url\":\"https:\/\/biospa.ee\/fl2025\/kontakt\/\",\"name\":\"Kontakt - Loodus BioSpa\",\"isPartOf\":{\"@id\":\"https:\/\/biospa.ee\/fl2025\/#website\"},\"datePublished\":\"2020-02-28T14:48:41+00:00\",\"dateModified\":\"2026-04-14T18:12:42+00:00\",\"breadcrumb\":{\"@id\":\"https:\/\/biospa.ee\/fl2025\/kontakt\/#breadcrumb\"},\"inLanguage\":\"et\",\"potentialAction\":[{\"@type\":\"ReadAction\",\"target\":[\"https:\/\/biospa.ee\/fl2025\/kontakt\/\"]}]},{\"@type\":\"BreadcrumbList\",\"@id\":\"https:\/\/biospa.ee\/fl2025\/kontakt\/#breadcrumb\",\"itemListElement\":[{\"@type\":\"ListItem\",\"position\":1,\"name\":\"Home\",\"item\":\"https:\/\/biospa.ee\/fl2025\/\"},{\"@type\":\"ListItem\",\"position\":2,\"name\":\"Kontakt\"}]},{\"@type\":\"WebSite\",\"@id\":\"https:\/\/biospa.ee\/fl2025\/#website\",\"url\":\"https:\/\/biospa.ee\/fl2025\/\",\"name\":\"Loodus BioSpa\",\"description\":\"Loodus BioSpa\",\"publisher\":{\"@id\":\"https:\/\/biospa.ee\/fl2025\/#organization\"},\"potentialAction\":[{\"@type\":\"SearchAction\",\"target\":{\"@type\":\"EntryPoint\",\"urlTemplate\":\"https:\/\/biospa.ee\/fl2025\/?s={search_term_string}\"},\"query-input\":{\"@type\":\"PropertyValueSpecification\",\"valueRequired\":true,\"valueName\":\"search_term_string\"}}],\"inLanguage\":\"et\"},{\"@type\":\"Organization\",\"@id\":\"https:\/\/biospa.ee\/fl2025\/#organization\",\"name\":\"Tesmasan O\u00dc\",\"url\":\"https:\/\/biospa.ee\/fl2025\/\",\"logo\":{\"@type\":\"ImageObject\",\"inLanguage\":\"et\",\"@id\":\"https:\/\/biospa.ee\/fl2025\/#\/schema\/logo\/image\/\",\"url\":\"https:\/\/biospa.ee\/fl2025\/wp-content\/uploads\/2025\/11\/BioSpa-loggo-est.png\",\"contentUrl\":\"https:\/\/biospa.ee\/fl2025\/wp-content\/uploads\/2025\/11\/BioSpa-loggo-est.png\",\"width\":842,\"height\":595,\"caption\":\"Tesmasan O\u00dc\"},\"image\":{\"@id\":\"https:\/\/biospa.ee\/fl2025\/#\/schema\/logo\/image\/\"},\"sameAs\":[\"https:\/\/www.facebook.com\/LoodusBioSpa\/\",\"https:\/\/www.instagram.com\/loodusbiospa\/\"]}]}<\/script>\n<!-- \/ Yoast SEO plugin. -->","yoast_head_json":{"title":"Kontakt - Loodus BioSpa","robots":{"index":"noindex","follow":"follow","max-snippet":"max-snippet:-1","max-image-preview":"max-image-preview:large","max-video-preview":"max-video-preview:-1"},"og_locale":"et_EE","og_type":"article","og_title":"Kontakt - Loodus BioSpa","og_url":"https:\/\/biospa.ee\/fl2025\/kontakt\/","og_site_name":"Loodus BioSpa","article_publisher":"https:\/\/www.facebook.com\/LoodusBioSpa\/","article_modified_time":"2026-04-14T18:12:42+00:00","og_image":[{"width":842,"height":595,"url":"https:\/\/biospa.ee\/fl2025\/wp-content\/uploads\/2025\/11\/BioSpa-loggo-est.png","type":"image\/png"}],"twitter_card":"summary_large_image","twitter_misc":{"Est. reading time":"3 minutit"},"schema":{"@context":"https:\/\/schema.org","@graph":[{"@type":"WebPage","@id":"https:\/\/biospa.ee\/fl2025\/kontakt\/","url":"https:\/\/biospa.ee\/fl2025\/kontakt\/","name":"Kontakt - Loodus BioSpa","isPartOf":{"@id":"https:\/\/biospa.ee\/fl2025\/#website"},"datePublished":"2020-02-28T14:48:41+00:00","dateModified":"2026-04-14T18:12:42+00:00","breadcrumb":{"@id":"https:\/\/biospa.ee\/fl2025\/kontakt\/#breadcrumb"},"inLanguage":"et","potentialAction":[{"@type":"ReadAction","target":["https:\/\/biospa.ee\/fl2025\/kontakt\/"]}]},{"@type":"BreadcrumbList","@id":"https:\/\/biospa.ee\/fl2025\/kontakt\/#breadcrumb","itemListElement":[{"@type":"ListItem","position":1,"name":"Home","item":"https:\/\/biospa.ee\/fl2025\/"},{"@type":"ListItem","position":2,"name":"Kontakt"}]},{"@type":"WebSite","@id":"https:\/\/biospa.ee\/fl2025\/#website","url":"https:\/\/biospa.ee\/fl2025\/","name":"Loodus BioSpa","description":"Loodus BioSpa","publisher":{"@id":"https:\/\/biospa.ee\/fl2025\/#organization"},"potentialAction":[{"@type":"SearchAction","target":{"@type":"EntryPoint","urlTemplate":"https:\/\/biospa.ee\/fl2025\/?s={search_term_string}"},"query-input":{"@type":"PropertyValueSpecification","valueRequired":true,"valueName":"search_term_string"}}],"inLanguage":"et"},{"@type":"Organization","@id":"https:\/\/biospa.ee\/fl2025\/#organization","name":"Tesmasan O\u00dc","url":"https:\/\/biospa.ee\/fl2025\/","logo":{"@type":"ImageObject","inLanguage":"et","@id":"https:\/\/biospa.ee\/fl2025\/#\/schema\/logo\/image\/","url":"https:\/\/biospa.ee\/fl2025\/wp-content\/uploads\/2025\/11\/BioSpa-loggo-est.png","contentUrl":"https:\/\/biospa.ee\/fl2025\/wp-content\/uploads\/2025\/11\/BioSpa-loggo-est.png","width":842,"height":595,"caption":"Tesmasan O\u00dc"},"image":{"@id":"https:\/\/biospa.ee\/fl2025\/#\/schema\/logo\/image\/"},"sameAs":["https:\/\/www.facebook.com\/LoodusBioSpa\/","https:\/\/www.instagram.com\/loodusbiospa\/"]}]}},"_links":{"self":[{"href":"https:\/\/biospa.ee\/fl2025\/wp-json\/wp\/v2\/pages\/6467","targetHints":{"allow":["GET"]}}],"collection":[{"href":"https:\/\/biospa.ee\/fl2025\/wp-json\/wp\/v2\/pages"}],"about":[{"href":"https:\/\/biospa.ee\/fl2025\/wp-json\/wp\/v2\/types\/page"}],"author":[{"embeddable":true,"href":"https:\/\/biospa.ee\/fl2025\/wp-json\/wp\/v2\/users\/1"}],"replies":[{"embeddable":true,"href":"https:\/\/biospa.ee\/fl2025\/wp-json\/wp\/v2\/comments?post=6467"}],"version-history":[{"count":5,"href":"https:\/\/biospa.ee\/fl2025\/wp-json\/wp\/v2\/pages\/6467\/revisions"}],"predecessor-version":[{"id":97832,"href":"https:\/\/biospa.ee\/fl2025\/wp-json\/wp\/v2\/pages\/6467\/revisions\/97832"}],"wp:attachment":[{"href":"https:\/\/biospa.ee\/fl2025\/wp-json\/wp\/v2\/media?parent=6467"}],"curies":[{"name":"wp","href":"https:\/\/api.w.org\/{rel}","templated":true}]}}