{"id":13385,"date":"2021-01-21T18:56:44","date_gmt":"2021-01-21T16:56:44","guid":{"rendered":"https:\/\/biospa.ee\/?post_type=product&#038;p=13385"},"modified":"2024-09-30T12:51:09","modified_gmt":"2024-09-30T09:51:09","slug":"mikrobioomi-uuring-terve-soolestik","status":"publish","type":"product","link":"https:\/\/biospa.ee\/fl2025\/toode\/mikrobioomi-uuring-terve-soolestik\/","title":{"rendered":"Mikrobioomi uuring (kodus)"},"content":{"rendered":"<div class=\"fusion-text fusion-text-1\">\n<p>Hea tervise tagamiseks ja soovitud kehakaalu saavutamiseks on oluline mitmekesine ja tasakaalustatud <strong>mikrobioomi kooslus<\/strong>, mille aluseks on \u00f5ige toitumine.\u00a0 H\u00e4irunud mikrobioomi kooslus v\u00f5ib kaasa tuua erinevaid haigusi ja muid terviseprobleeme nagu \u00fclekaal, seedeprobleemid, II t\u00fc\u00fcbi diabeet jne. <strong>Soolestiku mikrobioomi anal\u00fc\u00fcs v\u00f5imaldab kujundada teadlikku toitumist ning aidata ennetada haigusi ja terviseprobleeme.<\/strong><\/p>\n<p>Mikrobioomi anal\u00fc\u00fcs on lihtne. Test tehakse v\u00e4ljaheite proovist, mille saab mugavalt kodus v\u00f5tta. Soovitav on tellida v\u00e4hemalt kaks anal\u00fc\u00fcsi. Esimene proov anda tavap\u00e4rase toitumise juures ning teine p\u00e4rast toitumisharjumuste ja elustiili muutmist 1-2 kuu jooksul, kuid mitte hiljem kui 6 kuud p\u00e4rast esmast testi.<\/p>\n<\/div>\n<div class=\"fusion-text fusion-text-2\">\n<p>Tellimise j\u00e4rel saadame prooviv\u00f5tukomplekti ja t\u00e4psed juhised proovi v\u00f5tmiseks Teile l\u00e4himasse postipakiautomaati. Tulemused v\u00e4ljastame 15-20 t\u00f6\u00f6p\u00e4eva jooksul alates proovi laborisse j\u00f5udmisest.<\/p>\n<p>Soovitame peale testi tulemusi konsulteerida meie arstiga, kes aitab testi tulemustest paremini aru saada ning anda soovitusi edasisteks tegevusteks. Meditsiinilist konsultatsiooni osutab dr Natalia Trofimova lisaks ambulatoorsele vastuv\u00f5tule ka <a href=\"https:\/\/biospa.ee\/11076-2\/\">virtuaalsel teel.<\/a><\/p>\n<\/div>\n","protected":false},"excerpt":{"rendered":"<p>Uuring annab informatsiooni teie <strong>soolestiku bakterite arvukuse kohta<\/strong> ning <strong>juhised<\/strong>, kuidas saavutada <strong>tasakaalustatud bakterite kooslus<\/strong>.<\/p>\n<p><strong>Test annab vastused:<\/strong><\/p>\n<p>\u2022 Milliseid baktereid soolestikus leidub?<br \/>\n\u2022 Kuidas soolestiku bakterid keha m\u00f5jutavad?<br \/>\n\u2022 Kas soolestikus leidub liigselt kahjulikke baktereid?<br \/>\n\u2022 Kas soolestiku bakterid soodustavad \u00fclekaalu?<br \/>\n\u2022 Kas toitumine ja bakterite kooslus on tasakaalus v\u00f5i oleks vaja toitumisharjumusi muuta?<br \/>\n\u2022 Kuidas saavutada soolestiku bakterite tasakaalustatud kooslus?<\/p>\n<p class=\"v1MsoNormal\"><strong>Oleme p\u00f5hjalikult uuendanud oma GutWell mikrobioomi testi tulemuste raportit ja lisanud j\u00e4rgmised uued seosed:<\/strong><\/p>\n<p class=\"v1MsoNormal\">*S\u00fcdame-soolestiku telg<\/p>\n<p class=\"v1MsoNormal\">*IBD ja k\u00e4\u00e4rsoolev\u00e4hi risk<\/p>\n<p class=\"v1MsoNormal\">*Soolebarj\u00e4\u00e4ri tugevus<\/p>\n","protected":false},"featured_media":33219,"template":"","meta":[],"product_brand":[],"product_cat":[295],"product_tag":[],"class_list":{"0":"post-13385","1":"product","2":"type-product","3":"status-publish","4":"has-post-thumbnail","6":"product_cat-testid-uuringud","8":"first","9":"instock","10":"taxable","11":"shipping-taxable","12":"purchasable","13":"product-type-simple"},"yoast_head":"<!-- This site is optimized with the Yoast SEO plugin v27.0 - https:\/\/yoast.com\/product\/yoast-seo-wordpress\/ -->\n<title>Mikrobioomi uuring (kodus) - Loodus BioSpa<\/title>\n<meta name=\"robots\" content=\"noindex, follow, max-snippet:-1, max-image-preview:large, max-video-preview:-1\" \/>\n<meta property=\"og:locale\" content=\"et_EE\" \/>\n<meta property=\"og:type\" content=\"article\" \/>\n<meta property=\"og:title\" content=\"Mikrobioomi uuring (kodus) - Loodus BioSpa\" \/>\n<meta property=\"og:description\" content=\"Uuring annab informatsiooni teie soolestiku bakterite arvukuse kohta ning juhised, kuidas saavutada tasakaalustatud bakterite kooslus.  Test annab vastused:  \u2022 Milliseid baktereid soolestikus leidub? \u2022 Kuidas soolestiku bakterid keha m\u00f5jutavad? \u2022 Kas soolestikus leidub liigselt kahjulikke baktereid? \u2022 Kas soolestiku bakterid soodustavad \u00fclekaalu? \u2022 Kas toitumine ja bakterite kooslus on tasakaalus v\u00f5i oleks vaja toitumisharjumusi muuta? \u2022 Kuidas saavutada soolestiku bakterite tasakaalustatud kooslus? Oleme p\u00f5hjalikult uuendanud oma GutWell mikrobioomi testi tulemuste raportit ja lisanud j\u00e4rgmised uued seosed: *S\u00fcdame-soolestiku telg *IBD ja k\u00e4\u00e4rsoolev\u00e4hi risk *Soolebarj\u00e4\u00e4ri tugevus\" \/>\n<meta property=\"og:url\" content=\"https:\/\/biospa.ee\/fl2025\/toode\/mikrobioomi-uuring-terve-soolestik\/\" \/>\n<meta property=\"og:site_name\" content=\"Loodus BioSpa\" \/>\n<meta property=\"article:publisher\" content=\"https:\/\/www.facebook.com\/LoodusBioSpa\/\" \/>\n<meta property=\"article:modified_time\" content=\"2024-09-30T09:51:09+00:00\" \/>\n<meta property=\"og:image\" content=\"https:\/\/biospa.ee\/wp-content\/uploads\/2021\/01\/E-POOD-TOOTED-1-1.jpg\" \/>\n\t<meta property=\"og:image:width\" content=\"1080\" \/>\n\t<meta property=\"og:image:height\" content=\"1080\" \/>\n\t<meta property=\"og:image:type\" content=\"image\/jpeg\" \/>\n<meta name=\"twitter:card\" content=\"summary_large_image\" \/>\n<meta name=\"twitter:label1\" content=\"Est. reading time\" \/>\n\t<meta name=\"twitter:data1\" content=\"1 minut\" \/>\n<script type=\"application\/ld+json\" class=\"yoast-schema-graph\">{\"@context\":\"https:\/\/schema.org\",\"@graph\":[{\"@type\":\"WebPage\",\"@id\":\"https:\/\/biospa.ee\/fl2025\/toode\/mikrobioomi-uuring-terve-soolestik\/\",\"url\":\"https:\/\/biospa.ee\/fl2025\/toode\/mikrobioomi-uuring-terve-soolestik\/\",\"name\":\"Mikrobioomi uuring (kodus) - Loodus BioSpa\",\"isPartOf\":{\"@id\":\"https:\/\/biospa.ee\/fl2025\/#website\"},\"primaryImageOfPage\":{\"@id\":\"https:\/\/biospa.ee\/fl2025\/toode\/mikrobioomi-uuring-terve-soolestik\/#primaryimage\"},\"image\":{\"@id\":\"https:\/\/biospa.ee\/fl2025\/toode\/mikrobioomi-uuring-terve-soolestik\/#primaryimage\"},\"thumbnailUrl\":\"https:\/\/biospa.ee\/fl2025\/wp-content\/uploads\/2021\/01\/E-POOD-TOOTED-1-1.jpg\",\"datePublished\":\"2021-01-21T16:56:44+00:00\",\"dateModified\":\"2024-09-30T09:51:09+00:00\",\"breadcrumb\":{\"@id\":\"https:\/\/biospa.ee\/fl2025\/toode\/mikrobioomi-uuring-terve-soolestik\/#breadcrumb\"},\"inLanguage\":\"et\",\"potentialAction\":[{\"@type\":\"ReadAction\",\"target\":[\"https:\/\/biospa.ee\/fl2025\/toode\/mikrobioomi-uuring-terve-soolestik\/\"]}]},{\"@type\":\"ImageObject\",\"inLanguage\":\"et\",\"@id\":\"https:\/\/biospa.ee\/fl2025\/toode\/mikrobioomi-uuring-terve-soolestik\/#primaryimage\",\"url\":\"https:\/\/biospa.ee\/fl2025\/wp-content\/uploads\/2021\/01\/E-POOD-TOOTED-1-1.jpg\",\"contentUrl\":\"https:\/\/biospa.ee\/fl2025\/wp-content\/uploads\/2021\/01\/E-POOD-TOOTED-1-1.jpg\",\"width\":1080,\"height\":1080},{\"@type\":\"BreadcrumbList\",\"@id\":\"https:\/\/biospa.ee\/fl2025\/toode\/mikrobioomi-uuring-terve-soolestik\/#breadcrumb\",\"itemListElement\":[{\"@type\":\"ListItem\",\"position\":1,\"name\":\"Home\",\"item\":\"https:\/\/biospa.ee\/fl2025\/\"},{\"@type\":\"ListItem\",\"position\":2,\"name\":\"Pood\",\"item\":\"https:\/\/biospa.ee\/fl2025\/pood\/\"},{\"@type\":\"ListItem\",\"position\":3,\"name\":\"Mikrobioomi uuring (kodus)\"}]},{\"@type\":\"WebSite\",\"@id\":\"https:\/\/biospa.ee\/fl2025\/#website\",\"url\":\"https:\/\/biospa.ee\/fl2025\/\",\"name\":\"Loodus BioSpa\",\"description\":\"Loodus BioSpa\",\"publisher\":{\"@id\":\"https:\/\/biospa.ee\/fl2025\/#organization\"},\"potentialAction\":[{\"@type\":\"SearchAction\",\"target\":{\"@type\":\"EntryPoint\",\"urlTemplate\":\"https:\/\/biospa.ee\/fl2025\/?s={search_term_string}\"},\"query-input\":{\"@type\":\"PropertyValueSpecification\",\"valueRequired\":true,\"valueName\":\"search_term_string\"}}],\"inLanguage\":\"et\"},{\"@type\":\"Organization\",\"@id\":\"https:\/\/biospa.ee\/fl2025\/#organization\",\"name\":\"Tesmasan O\u00dc\",\"url\":\"https:\/\/biospa.ee\/fl2025\/\",\"logo\":{\"@type\":\"ImageObject\",\"inLanguage\":\"et\",\"@id\":\"https:\/\/biospa.ee\/fl2025\/#\/schema\/logo\/image\/\",\"url\":\"https:\/\/biospa.ee\/fl2025\/wp-content\/uploads\/2025\/11\/BioSpa-loggo-est.png\",\"contentUrl\":\"https:\/\/biospa.ee\/fl2025\/wp-content\/uploads\/2025\/11\/BioSpa-loggo-est.png\",\"width\":842,\"height\":595,\"caption\":\"Tesmasan O\u00dc\"},\"image\":{\"@id\":\"https:\/\/biospa.ee\/fl2025\/#\/schema\/logo\/image\/\"},\"sameAs\":[\"https:\/\/www.facebook.com\/LoodusBioSpa\/\",\"https:\/\/www.instagram.com\/loodusbiospa\/\"]}]}<\/script>\n<!-- \/ Yoast SEO plugin. -->","yoast_head_json":{"title":"Mikrobioomi uuring (kodus) - Loodus BioSpa","robots":{"index":"noindex","follow":"follow","max-snippet":"max-snippet:-1","max-image-preview":"max-image-preview:large","max-video-preview":"max-video-preview:-1"},"og_locale":"et_EE","og_type":"article","og_title":"Mikrobioomi uuring (kodus) - Loodus BioSpa","og_description":"Uuring annab informatsiooni teie soolestiku bakterite arvukuse kohta ning juhised, kuidas saavutada tasakaalustatud bakterite kooslus.  Test annab vastused:  \u2022 Milliseid baktereid soolestikus leidub? \u2022 Kuidas soolestiku bakterid keha m\u00f5jutavad? \u2022 Kas soolestikus leidub liigselt kahjulikke baktereid? \u2022 Kas soolestiku bakterid soodustavad \u00fclekaalu? \u2022 Kas toitumine ja bakterite kooslus on tasakaalus v\u00f5i oleks vaja toitumisharjumusi muuta? \u2022 Kuidas saavutada soolestiku bakterite tasakaalustatud kooslus? Oleme p\u00f5hjalikult uuendanud oma GutWell mikrobioomi testi tulemuste raportit ja lisanud j\u00e4rgmised uued seosed: *S\u00fcdame-soolestiku telg *IBD ja k\u00e4\u00e4rsoolev\u00e4hi risk *Soolebarj\u00e4\u00e4ri tugevus","og_url":"https:\/\/biospa.ee\/fl2025\/toode\/mikrobioomi-uuring-terve-soolestik\/","og_site_name":"Loodus BioSpa","article_publisher":"https:\/\/www.facebook.com\/LoodusBioSpa\/","article_modified_time":"2024-09-30T09:51:09+00:00","og_image":[{"width":1080,"height":1080,"url":"https:\/\/biospa.ee\/wp-content\/uploads\/2021\/01\/E-POOD-TOOTED-1-1.jpg","type":"image\/jpeg"}],"twitter_card":"summary_large_image","twitter_misc":{"Est. reading time":"1 minut"},"schema":{"@context":"https:\/\/schema.org","@graph":[{"@type":"WebPage","@id":"https:\/\/biospa.ee\/fl2025\/toode\/mikrobioomi-uuring-terve-soolestik\/","url":"https:\/\/biospa.ee\/fl2025\/toode\/mikrobioomi-uuring-terve-soolestik\/","name":"Mikrobioomi uuring (kodus) - Loodus BioSpa","isPartOf":{"@id":"https:\/\/biospa.ee\/fl2025\/#website"},"primaryImageOfPage":{"@id":"https:\/\/biospa.ee\/fl2025\/toode\/mikrobioomi-uuring-terve-soolestik\/#primaryimage"},"image":{"@id":"https:\/\/biospa.ee\/fl2025\/toode\/mikrobioomi-uuring-terve-soolestik\/#primaryimage"},"thumbnailUrl":"https:\/\/biospa.ee\/fl2025\/wp-content\/uploads\/2021\/01\/E-POOD-TOOTED-1-1.jpg","datePublished":"2021-01-21T16:56:44+00:00","dateModified":"2024-09-30T09:51:09+00:00","breadcrumb":{"@id":"https:\/\/biospa.ee\/fl2025\/toode\/mikrobioomi-uuring-terve-soolestik\/#breadcrumb"},"inLanguage":"et","potentialAction":[{"@type":"ReadAction","target":["https:\/\/biospa.ee\/fl2025\/toode\/mikrobioomi-uuring-terve-soolestik\/"]}]},{"@type":"ImageObject","inLanguage":"et","@id":"https:\/\/biospa.ee\/fl2025\/toode\/mikrobioomi-uuring-terve-soolestik\/#primaryimage","url":"https:\/\/biospa.ee\/fl2025\/wp-content\/uploads\/2021\/01\/E-POOD-TOOTED-1-1.jpg","contentUrl":"https:\/\/biospa.ee\/fl2025\/wp-content\/uploads\/2021\/01\/E-POOD-TOOTED-1-1.jpg","width":1080,"height":1080},{"@type":"BreadcrumbList","@id":"https:\/\/biospa.ee\/fl2025\/toode\/mikrobioomi-uuring-terve-soolestik\/#breadcrumb","itemListElement":[{"@type":"ListItem","position":1,"name":"Home","item":"https:\/\/biospa.ee\/fl2025\/"},{"@type":"ListItem","position":2,"name":"Pood","item":"https:\/\/biospa.ee\/fl2025\/pood\/"},{"@type":"ListItem","position":3,"name":"Mikrobioomi uuring (kodus)"}]},{"@type":"WebSite","@id":"https:\/\/biospa.ee\/fl2025\/#website","url":"https:\/\/biospa.ee\/fl2025\/","name":"Loodus BioSpa","description":"Loodus BioSpa","publisher":{"@id":"https:\/\/biospa.ee\/fl2025\/#organization"},"potentialAction":[{"@type":"SearchAction","target":{"@type":"EntryPoint","urlTemplate":"https:\/\/biospa.ee\/fl2025\/?s={search_term_string}"},"query-input":{"@type":"PropertyValueSpecification","valueRequired":true,"valueName":"search_term_string"}}],"inLanguage":"et"},{"@type":"Organization","@id":"https:\/\/biospa.ee\/fl2025\/#organization","name":"Tesmasan O\u00dc","url":"https:\/\/biospa.ee\/fl2025\/","logo":{"@type":"ImageObject","inLanguage":"et","@id":"https:\/\/biospa.ee\/fl2025\/#\/schema\/logo\/image\/","url":"https:\/\/biospa.ee\/fl2025\/wp-content\/uploads\/2025\/11\/BioSpa-loggo-est.png","contentUrl":"https:\/\/biospa.ee\/fl2025\/wp-content\/uploads\/2025\/11\/BioSpa-loggo-est.png","width":842,"height":595,"caption":"Tesmasan O\u00dc"},"image":{"@id":"https:\/\/biospa.ee\/fl2025\/#\/schema\/logo\/image\/"},"sameAs":["https:\/\/www.facebook.com\/LoodusBioSpa\/","https:\/\/www.instagram.com\/loodusbiospa\/"]}]}},"_links":{"self":[{"href":"https:\/\/biospa.ee\/fl2025\/wp-json\/wp\/v2\/product\/13385","targetHints":{"allow":["GET"]}}],"collection":[{"href":"https:\/\/biospa.ee\/fl2025\/wp-json\/wp\/v2\/product"}],"about":[{"href":"https:\/\/biospa.ee\/fl2025\/wp-json\/wp\/v2\/types\/product"}],"wp:featuredmedia":[{"embeddable":true,"href":"https:\/\/biospa.ee\/fl2025\/wp-json\/wp\/v2\/media\/33219"}],"wp:attachment":[{"href":"https:\/\/biospa.ee\/fl2025\/wp-json\/wp\/v2\/media?parent=13385"}],"wp:term":[{"taxonomy":"product_brand","embeddable":true,"href":"https:\/\/biospa.ee\/fl2025\/wp-json\/wp\/v2\/product_brand?post=13385"},{"taxonomy":"product_cat","embeddable":true,"href":"https:\/\/biospa.ee\/fl2025\/wp-json\/wp\/v2\/product_cat?post=13385"},{"taxonomy":"product_tag","embeddable":true,"href":"https:\/\/biospa.ee\/fl2025\/wp-json\/wp\/v2\/product_tag?post=13385"}],"curies":[{"name":"wp","href":"https:\/\/api.w.org\/{rel}","templated":true}]}}