{"id":9019,"date":"2020-07-28T15:37:58","date_gmt":"2020-07-28T12:37:58","guid":{"rendered":"https:\/\/biospa.ee\/vanaveeb2026\/?page_id=9019"},"modified":"2022-10-21T14:59:21","modified_gmt":"2022-10-21T11:59:21","slug":"colon-hydroteraapia","status":"publish","type":"page","link":"https:\/\/biospa.ee\/vanaveeb2026\/colon-hydroteraapia\/","title":{"rendered":"Colon-h\u00fcdroteraapia ehk s\u00fcgav sooltepuhastus"},"content":{"rendered":"<div class=\"fusion-fullwidth fullwidth-box fusion-builder-row-1 nonhundred-percent-fullwidth non-hundred-percent-height-scrolling\" style=\"--awb-border-radius-top-left:0px;--awb-border-radius-top-right:0px;--awb-border-radius-bottom-right:0px;--awb-border-radius-bottom-left:0px;--awb-flex-wrap:wrap;\" ><div class=\"fusion-builder-row fusion-row\"><div class=\"fusion-layout-column fusion_builder_column fusion-builder-column-0 fusion_builder_column_2_3 2_3 fusion-two-third fusion-column-first\" style=\"--awb-bg-size:cover;width:66.6666666667%;width:calc(66.6666666667% - ( ( 4% ) * 0.666666666667 ) );margin-right: 4%;\"><div class=\"fusion-column-wrapper fusion-column-has-shadow fusion-flex-column-wrapper-legacy\"><div class=\"fusion-image-element in-legacy-container\" style=\"--awb-caption-title-font-family:var(--h2_typography-font-family);--awb-caption-title-font-weight:var(--h2_typography-font-weight);--awb-caption-title-font-style:var(--h2_typography-font-style);--awb-caption-title-size:var(--h2_typography-font-size);--awb-caption-title-transform:var(--h2_typography-text-transform);--awb-caption-title-line-height:var(--h2_typography-line-height);--awb-caption-title-letter-spacing:var(--h2_typography-letter-spacing);\"><span class=\" fusion-imageframe imageframe-dropshadow imageframe-1 hover-type-none\" style=\"-webkit-box-shadow: 3px 3px 7px rgba(0,0,0,0.3);box-shadow: 3px 3px 7px rgba(0,0,0,0.3);\"><img decoding=\"async\" width=\"800\" height=\"533\" title=\"jamesool\" src=\"https:\/\/biospa.ee\/vanaveeb2026\/wp-content\/uploads\/2016\/06\/jamesool-e1598359637774.jpg\" alt class=\"img-responsive wp-image-7486\" srcset=\"https:\/\/biospa.ee\/vanaveeb2026\/wp-content\/uploads\/2016\/06\/jamesool-e1598359637774-700x466.jpg 700w, https:\/\/biospa.ee\/vanaveeb2026\/wp-content\/uploads\/2016\/06\/jamesool-e1598359637774.jpg 800w\" sizes=\"(max-width: 800px) 100vw, 800px\" \/><\/span><\/div><div class=\"fusion-text fusion-text-1\" style=\"--awb-text-transform:none;\"><p><strong>Meie seedetrakt vajab samasugust t\u00e4helepanu ja hoolt kui n\u00e4iteks veresoonkond ja l\u00fcmfis\u00fcsteem. Hea p\u00fcsiva tervise kindlustavad \u00f5ige toit, selle t\u00e4ielik lagunemindamine ja toitainete omastamine ning j\u00e4\u00e4kainete organismist elimineerimine.<\/strong><\/p>\n<p>Normaalse seedimise korral peaks toit olema t\u00e4ielikult lagundatud 12 kuni 24 tunni jooksul. Paljud toitained, mida me igap\u00e4ev s\u00f6\u00f6me, v\u00f5ivad meie organismile mitte sobida. Sageli me ise seda ei tea. Osal v\u00f5ib tekkida allergia, teistel kaebused, mille p\u00f5hjuseid on raske selgitada. Pikaajaline sooletegevuse h\u00e4ire ongi paljude krooniliste haiguste eelk\u00e4ijaks. Vale toitumine viib organismi immuuns\u00fcsteemi, ens\u00fc\u00fcmide tasakaalu, kogu ainevahetuse muutustele, mis v\u00f5ivad p\u00f5hjustada haiguseelseid seisundeid ja haigusi.<\/p>\n<p>Colon-h\u00fcdroteraapia aitab meil efektiivsemalt omandada toitu ja vabaneda m\u00fcrgistest j\u00e4\u00e4kainetest. Kaasaegne soolepesu on v\u00e4ga populaarne Ameerika mandril ja ka paljudes Euroopa riikides.<\/p>\n<p>Miks on soolepesu kasulik? Soolde viiakse p\u00e4raku kaudu soe, filtreeritud, meil ka osooniga puhastatud vesi. See aitab puhastada soolt tihkenenud roojaosistest, mis v\u00f5ivad olla p\u00fcsinud seal n\u00e4dalaid, kuid v\u00f5i isegi aastaid, p\u00f5hjustades organismi m\u00fcrgitamist. Soolepesu taastab organismile omase pH tasakaalu, stimuleerib immuuns\u00fcsteemi, loob soodsa keskkonna seedeprotsessis osalevatele bakteritele, tugevdab keskkonna seedeprotsessis osalevatele bakteritele, aitab taastada normaalse soolet\u00f6\u00f6, tugevdab soolelihaste kokkut\u00f5mbeid (peristaltikat), soodustab toitainete imendumist l\u00fcmfi ja verre.<\/p>\n<h3 class=\"fusion-responsive-typography-calculated\" data-fontsize=\"24\" data-lineheight=\"31.2px\">Patsiendi ettevalmistus sooltepuhastuseks<\/h3>\n<p><strong>Enne sooltepuhastust tuleb esmalt teha visiit dr Trofimova juurde<\/strong>. Visiit on vajalik v\u00e4ltimaks soovimatuid probleeme. Esmalt dr Trofimova hindab olukorda, annab vajadusel soovitused protseduuri parema \u00f5nnestumise tarvis ning valmistab patsiendi ette.<\/p>\n<p>P\u00e4ev enne sooltepuhastust tuleb s\u00fc\u00fca lahjat toitu, v\u00e4ltida liha, kala, piimatooteid, magusat ja alkoholi. \u00d5htul kella 17 paiku on viimane s\u00f6\u00f6gikord. Peale seda v\u00f5tta pakk lahtistit \u00fche klaasi (toatemperatuuril) veega. P\u00e4rast juua ainult vett. V\u00f5ib juua vett sidruniga ja meega (3l vee kohta \u00fche sidruni mahl + 1spl mett). V\u00e4ltida gaseeritud jooke. Soovitatav on juua vett kuni sooltepuhastuse momendini (\u00fche p\u00e4eva jooksul 2,5-3 liitrit vett, 30-40ml \u00fche kg kohta). P\u00e4rast sooltepuhastust s\u00fc\u00fca kerget s\u00f6\u00f6ki (keedetud juurvilja, k\u00f6\u00f6givilja, putru).<\/p>\n<p>Soovitav on teha 3 sooltepuhastust \u00fcle p\u00e4eva. Kuuri v\u00f5ib korrata 1 kord kvartalis.<\/p>\n<p><strong>Sooltepuhastust tehakse LoodusBioSpas kohapeal ravikuuri \u00fche osana. Ambulatoorselt seda protseduuri ei tehta.<\/strong><\/p>\n<h3 class=\"fusion-responsive-typography-calculated\" data-fontsize=\"24\" data-lineheight=\"31.2px\">Mida k\u00fcsitakse k\u00f5ige sagedamini soolepesu kohta?<\/h3>\n<p><i>Kas soolepesu on ohutu?<\/i><br \/>\nJah. Kaasaegse aparatuuri kasutamisel on soolepesu t\u00e4iesti ohutu.<\/p>\n<p><i>Kuidas v\u00f5rrelda soolepesu klistiiriga?<\/i><br \/>\nKlistiir m\u00f5jub ainult j\u00e4mesoole alaosale ja p\u00e4rasoolele. Soolepesuga t\u00e4idetakse veega j\u00e4mesool kogu pikkuses.<\/p>\n<p><i>Kas soolepesu on valulik?<\/i><br \/>\nEi ole. Paljud inimesed \u00fctlevad, et tunnevad peale protseduuri ennast v\u00e4rskemana ja l\u00f5\u00f5gastatuna.<\/p>\n<p><i>Kui palju tegelikult puhastatakse soolt \u00fche pesuga?<\/i><br \/>\nJ\u00e4mesool on v\u00f5imalik puhastada kogu pikkuses. Peensoole puhastamiseks tuleb kasutada suukaudset ravi.<\/p>\n<p><i>Kas enne protseduuri kohtutakse ka arstiga?<\/i><br \/>\nLoomulikult. Eriti oluline on see divertiiklite, haavandilise koliidi, Crohn\u2019 t\u00f5ve, kasvajate jms. esinemisel<\/p>\n<p><i>Kas protseduuri ajal on oht nakatuda?<\/i><br \/>\nEi ole. Kasutatakse \u00fchekordseid soolde viivaid tarvikuid.<\/p>\n<p><i>Kui pikk on protseduur ja palju peaks neid tegema?<\/i><br \/>\n25 kuni 45 minutit. Kolm esimest protseduuri tehakse l\u00e4hestikku \u2013 \u00fclep\u00e4eva, kuuriks kuus kuni k\u00fcmme protseduuri.<\/p>\n<p><i>Kas menstruatsiooni ajal soolepesu tehakse ja kas ta on siis v\u00e4hem efektiivne?<\/i><br \/>\nTehakse k\u00fcll ja ta ei ole v\u00e4hem efektiivne, sest see on aeg kui organism puhastub niigi. Seega menstruatsioon ei sega ravi \u00f5nnestumist.<\/p>\n<p><i>Mida peaks enne protseduuri tegema?<\/i><br \/>\nMitte s\u00f6\u00f6ma, l\u00f5\u00f5gastuma ja j\u00e4\u00e4ma positiivselt ja r\u00f5\u00f5msalt meelestatuks.<\/p>\n<p><i>Kas tunneme peale soolepesu ennast v\u00e4sinult v\u00f5i ebamugavalt?<\/i><br \/>\nTunnete end p\u00e4ris tavaliselt.<\/p>\n<p><i>Kas soolepesuga pestakse v\u00e4lja ka vajalikud bakterid ja kas on vaja peale protseduure juua atsidofiilset piima v\u00f5i v\u00f5tta ravimeid?<\/i><br \/>\nSooles on \u00fcle 60 erineva bakteri, mis osalevad seedeprotsessis. Nad kindlustavad happelisuse ja toitainete, sh vitamiinide imendumise. Koli kepike ja atsidofiilsed bakterid kindlustavad j\u00e4mesoole normaalse ainevahetuse. Kuigi teatakse, et soolepesu muudab v\u00e4he soole mikrofloorat, soovitatakse peale kuuri l\u00f5ppu juua atsidofiilset piima paari n\u00e4dala jooksul v\u00f5i kasutada probiootikume kohe peale sooltepuhastust.<\/p>\n<p><i>Kas on v\u00f5imalik minna t\u00f6\u00f6le kohe peale sooltepesu?<\/i><br \/>\nKindlasti v\u00f5ite t\u00f6\u00f6tada samamoodi nagu enne.<\/p>\n<div class=\"art-layout-cell art-content\">\n<article id=\"post-154\" class=\"art-post art-article post-154 page type-page status-publish hentry\">\n<div class=\"art-postcontent clearfix\">\n<p>Doktori vastuv\u00f5tule registreerimiseks palume helistada tel 5347 1532\u00a0 E-R 9:00-17:00<\/p>\n<\/div>\n<\/article>\n<\/div>\n<div class=\"art-layout-cell art-sidebar1\">\n<div id=\"nav_menu-2\" class=\"art-block widget widget_nav_menu clearfix\">\n<div class=\"art-blockcontent\">\n<div class=\"menu-teenused_est-container\"><\/div>\n<\/div>\n<\/div>\n<\/div>\n<\/div><div class=\"fusion-clearfix\"><\/div><\/div><\/div><div class=\"fusion-layout-column fusion_builder_column fusion-builder-column-1 fusion_builder_column_1_3 1_3 fusion-one-third fusion-column-last\" style=\"--awb-bg-size:cover;width:33.3333333333%;width:calc(33.3333333333% - ( ( 4% ) * 0.333333333333 ) );\"><div class=\"fusion-column-wrapper fusion-column-has-shadow fusion-flex-column-wrapper-legacy\"><div class=\"fusion-text fusion-text-2\"><p>J\u00e4mesoole sisu toksilisus v\u00f5ib olla paljude terviseh\u00e4irete p\u00f5hjustajaks ning soolepesu tegemise n\u00e4idustuseks.<\/p>\n<p>Nendeks loetakse sageli:<\/p>\n<ul style=\"list-style-type: circle;\">\n<li>Peavalu<\/li>\n<li>Allergiat<\/li>\n<li>Dermatoose<\/li>\n<li>Astmat<\/li>\n<li>Liigesep\u00f5letikku<\/li>\n<li>Soolegaase<\/li>\n<li>K\u00f5hukinnisust<\/li>\n<li>Soolelahtisust<\/li>\n<li>K\u00f5rgenenud verer\u00f5hku<\/li>\n<li>Madalat veresuhrut<\/li>\n<li>Kandidoose (seeninfektsioon)<\/li>\n<li>Sooleparasiite<\/li>\n<li>Suurt kaalulangust<\/li>\n<li>Menstruatsiooniprobleeme<\/li>\n<li>Eesn\u00e4\u00e4rme haigusi<\/li>\n<li>Hemorroide<\/li>\n<li>Uneh\u00e4ireid<\/li>\n<li>Depressiooni<\/li>\n<li>K\u00f5rgenenud erutatavust<\/li>\n<li>Kroonilist v\u00e4simust<\/li>\n<li>Vaimse arengu peetust<\/li>\n<li>Liikumispuuet<\/li>\n<li>Fibrom\u00fcalgiat<\/li>\n<li>Kolestoomi<\/li>\n<li>Rasvumist<\/li>\n<\/ul>\n<\/div><div class=\"fusion-reading-box-container reading-box-container-1\" style=\"--awb-title-color:#472a2a;--awb-margin-top:0px;--awb-margin-bottom:84px;\"><div class=\"reading-box reading-box-center\" style=\"background-color:#f6f6f6;border-width:1px;border-color:#f6f6f6;border-left-width:3px;border-left-color:var(--primary_color);border-style:solid;\"><h2>REGISTREERU ARSTI VASTUV\u00d5TULE<\/h2><div class=\"reading-box-description fusion-reading-box-additional\">s\u00fcgav sooltepuhastus 50.- lisaprotseduuri maksumus ravikuuril olles<\/div><div class=\"fusion-clearfix\"><\/div><a class=\"button fusion-button button-default fusion-button-xlarge button-xlarge button-flat fusion-mobile-button continue-center\" style=\"-webkit-box-shadow:none;-moz-box-shadow:none;box-shadow:none;border-radius:10px 10px 10px 10px\" href=\"https:\/\/biospa.ee\/vanaveeb2026\/biokliinik\/kontakt-2\/\" target=\"_blank\" rel=\"noopener noreferrer\"><span>\u260e 53 47 15 32<\/span><\/a><\/div><\/div><div class=\"fusion-sep-clear\"><\/div><div class=\"fusion-separator fusion-full-width-sep\" style=\"margin-left: auto;margin-right: auto;width:100%;\"><\/div><div class=\"fusion-sep-clear\"><\/div><div class=\"fusion-clearfix\"><\/div><\/div><\/div><\/div><\/div>\n","protected":false},"excerpt":{"rendered":"","protected":false},"author":4,"featured_media":0,"parent":0,"menu_order":59,"comment_status":"closed","ping_status":"closed","template":"","meta":{"footnotes":""},"class_list":["post-9019","page","type-page","status-publish","hentry"],"yoast_head":"<!-- This site is optimized with the Yoast SEO plugin v27.3 - https:\/\/yoast.com\/product\/yoast-seo-wordpress\/ -->\n<title>Colon-h\u00fcdroteraapia ehk s\u00fcgav sooltepuhastus - Loodus BioSpa<\/title>\n<meta name=\"robots\" content=\"index, follow, max-snippet:-1, max-image-preview:large, max-video-preview:-1\" \/>\n<link rel=\"canonical\" href=\"https:\/\/biospa.ee\/vanaveeb2026\/colon-hydroteraapia\/\" \/>\n<meta property=\"og:locale\" content=\"et_EE\" \/>\n<meta property=\"og:type\" content=\"article\" \/>\n<meta property=\"og:title\" content=\"Colon-h\u00fcdroteraapia ehk s\u00fcgav sooltepuhastus - Loodus BioSpa\" \/>\n<meta property=\"og:url\" content=\"https:\/\/biospa.ee\/vanaveeb2026\/colon-hydroteraapia\/\" \/>\n<meta property=\"og:site_name\" content=\"Loodus BioSpa\" \/>\n<meta property=\"article:publisher\" content=\"https:\/\/www.facebook.com\/LoodusBioSpa\/\" \/>\n<meta property=\"article:modified_time\" content=\"2022-10-21T11:59:21+00:00\" \/>\n<meta name=\"twitter:card\" content=\"summary_large_image\" \/>\n<meta name=\"twitter:label1\" content=\"Est. reading time\" \/>\n\t<meta name=\"twitter:data1\" content=\"8 minutit\" \/>\n<script type=\"application\/ld+json\" class=\"yoast-schema-graph\">{\"@context\":\"https:\\\/\\\/schema.org\",\"@graph\":[{\"@type\":\"WebPage\",\"@id\":\"https:\\\/\\\/biospa.ee\\\/vanaveeb2026\\\/colon-hydroteraapia\\\/\",\"url\":\"https:\\\/\\\/biospa.ee\\\/vanaveeb2026\\\/colon-hydroteraapia\\\/\",\"name\":\"Colon-h\u00fcdroteraapia ehk s\u00fcgav sooltepuhastus - Loodus BioSpa\",\"isPartOf\":{\"@id\":\"https:\\\/\\\/biospa.ee\\\/vanaveeb2026\\\/?lang=ru\\\/#website\"},\"datePublished\":\"2020-07-28T12:37:58+00:00\",\"dateModified\":\"2022-10-21T11:59:21+00:00\",\"breadcrumb\":{\"@id\":\"https:\\\/\\\/biospa.ee\\\/vanaveeb2026\\\/colon-hydroteraapia\\\/#breadcrumb\"},\"inLanguage\":\"et\",\"potentialAction\":[{\"@type\":\"ReadAction\",\"target\":[\"https:\\\/\\\/biospa.ee\\\/vanaveeb2026\\\/colon-hydroteraapia\\\/\"]}]},{\"@type\":\"BreadcrumbList\",\"@id\":\"https:\\\/\\\/biospa.ee\\\/vanaveeb2026\\\/colon-hydroteraapia\\\/#breadcrumb\",\"itemListElement\":[{\"@type\":\"ListItem\",\"position\":1,\"name\":\"Home\",\"item\":\"https:\\\/\\\/biospa.ee\\\/vanaveeb2026\\\/\"},{\"@type\":\"ListItem\",\"position\":2,\"name\":\"Colon-h\u00fcdroteraapia ehk s\u00fcgav sooltepuhastus\"}]},{\"@type\":\"WebSite\",\"@id\":\"https:\\\/\\\/biospa.ee\\\/vanaveeb2026\\\/?lang=ru\\\/#website\",\"url\":\"https:\\\/\\\/biospa.ee\\\/vanaveeb2026\\\/?lang=ru\\\/\",\"name\":\"Loodus BioSpa\",\"description\":\"Loodus BioSpa\",\"publisher\":{\"@id\":\"https:\\\/\\\/biospa.ee\\\/vanaveeb2026\\\/?lang=ru\\\/#organization\"},\"potentialAction\":[{\"@type\":\"SearchAction\",\"target\":{\"@type\":\"EntryPoint\",\"urlTemplate\":\"https:\\\/\\\/biospa.ee\\\/vanaveeb2026\\\/?lang=ru\\\/?s={search_term_string}\"},\"query-input\":{\"@type\":\"PropertyValueSpecification\",\"valueRequired\":true,\"valueName\":\"search_term_string\"}}],\"inLanguage\":\"et\"},{\"@type\":\"Organization\",\"@id\":\"https:\\\/\\\/biospa.ee\\\/vanaveeb2026\\\/?lang=ru\\\/#organization\",\"name\":\"Tesmasan O\u00dc\",\"url\":\"https:\\\/\\\/biospa.ee\\\/vanaveeb2026\\\/?lang=ru\\\/\",\"logo\":{\"@type\":\"ImageObject\",\"inLanguage\":\"et\",\"@id\":\"https:\\\/\\\/biospa.ee\\\/vanaveeb2026\\\/?lang=ru\\\/#\\\/schema\\\/logo\\\/image\\\/\",\"url\":\"https:\\\/\\\/biospa.ee\\\/vanaveeb2026\\\/vanaveeb2026\\\/wp-content\\\/uploads\\\/2023\\\/06\\\/BioSpa-loggo-est1-0-143.png\",\"contentUrl\":\"https:\\\/\\\/biospa.ee\\\/vanaveeb2026\\\/vanaveeb2026\\\/wp-content\\\/uploads\\\/2023\\\/06\\\/BioSpa-loggo-est1-0-143.png\",\"width\":143,\"height\":59,\"caption\":\"Tesmasan O\u00dc\"},\"image\":{\"@id\":\"https:\\\/\\\/biospa.ee\\\/vanaveeb2026\\\/?lang=ru\\\/#\\\/schema\\\/logo\\\/image\\\/\"},\"sameAs\":[\"https:\\\/\\\/www.facebook.com\\\/LoodusBioSpa\\\/\",\"https:\\\/\\\/www.instagram.com\\\/loodusbiospa\\\/\"]}]}<\/script>\n<!-- \/ Yoast SEO plugin. -->","yoast_head_json":{"title":"Colon-h\u00fcdroteraapia ehk s\u00fcgav sooltepuhastus - Loodus BioSpa","robots":{"index":"index","follow":"follow","max-snippet":"max-snippet:-1","max-image-preview":"max-image-preview:large","max-video-preview":"max-video-preview:-1"},"canonical":"https:\/\/biospa.ee\/vanaveeb2026\/colon-hydroteraapia\/","og_locale":"et_EE","og_type":"article","og_title":"Colon-h\u00fcdroteraapia ehk s\u00fcgav sooltepuhastus - Loodus BioSpa","og_url":"https:\/\/biospa.ee\/vanaveeb2026\/colon-hydroteraapia\/","og_site_name":"Loodus BioSpa","article_publisher":"https:\/\/www.facebook.com\/LoodusBioSpa\/","article_modified_time":"2022-10-21T11:59:21+00:00","twitter_card":"summary_large_image","twitter_misc":{"Est. reading time":"8 minutit"},"schema":{"@context":"https:\/\/schema.org","@graph":[{"@type":"WebPage","@id":"https:\/\/biospa.ee\/vanaveeb2026\/colon-hydroteraapia\/","url":"https:\/\/biospa.ee\/vanaveeb2026\/colon-hydroteraapia\/","name":"Colon-h\u00fcdroteraapia ehk s\u00fcgav sooltepuhastus - Loodus BioSpa","isPartOf":{"@id":"https:\/\/biospa.ee\/vanaveeb2026\/?lang=ru\/#website"},"datePublished":"2020-07-28T12:37:58+00:00","dateModified":"2022-10-21T11:59:21+00:00","breadcrumb":{"@id":"https:\/\/biospa.ee\/vanaveeb2026\/colon-hydroteraapia\/#breadcrumb"},"inLanguage":"et","potentialAction":[{"@type":"ReadAction","target":["https:\/\/biospa.ee\/vanaveeb2026\/colon-hydroteraapia\/"]}]},{"@type":"BreadcrumbList","@id":"https:\/\/biospa.ee\/vanaveeb2026\/colon-hydroteraapia\/#breadcrumb","itemListElement":[{"@type":"ListItem","position":1,"name":"Home","item":"https:\/\/biospa.ee\/vanaveeb2026\/"},{"@type":"ListItem","position":2,"name":"Colon-h\u00fcdroteraapia ehk s\u00fcgav sooltepuhastus"}]},{"@type":"WebSite","@id":"https:\/\/biospa.ee\/vanaveeb2026\/?lang=ru\/#website","url":"https:\/\/biospa.ee\/vanaveeb2026\/?lang=ru\/","name":"Loodus BioSpa","description":"Loodus BioSpa","publisher":{"@id":"https:\/\/biospa.ee\/vanaveeb2026\/?lang=ru\/#organization"},"potentialAction":[{"@type":"SearchAction","target":{"@type":"EntryPoint","urlTemplate":"https:\/\/biospa.ee\/vanaveeb2026\/?lang=ru\/?s={search_term_string}"},"query-input":{"@type":"PropertyValueSpecification","valueRequired":true,"valueName":"search_term_string"}}],"inLanguage":"et"},{"@type":"Organization","@id":"https:\/\/biospa.ee\/vanaveeb2026\/?lang=ru\/#organization","name":"Tesmasan O\u00dc","url":"https:\/\/biospa.ee\/vanaveeb2026\/?lang=ru\/","logo":{"@type":"ImageObject","inLanguage":"et","@id":"https:\/\/biospa.ee\/vanaveeb2026\/?lang=ru\/#\/schema\/logo\/image\/","url":"https:\/\/biospa.ee\/vanaveeb2026\/vanaveeb2026\/wp-content\/uploads\/2023\/06\/BioSpa-loggo-est1-0-143.png","contentUrl":"https:\/\/biospa.ee\/vanaveeb2026\/vanaveeb2026\/wp-content\/uploads\/2023\/06\/BioSpa-loggo-est1-0-143.png","width":143,"height":59,"caption":"Tesmasan O\u00dc"},"image":{"@id":"https:\/\/biospa.ee\/vanaveeb2026\/?lang=ru\/#\/schema\/logo\/image\/"},"sameAs":["https:\/\/www.facebook.com\/LoodusBioSpa\/","https:\/\/www.instagram.com\/loodusbiospa\/"]}]}},"_links":{"self":[{"href":"https:\/\/biospa.ee\/vanaveeb2026\/wp-json\/wp\/v2\/pages\/9019","targetHints":{"allow":["GET"]}}],"collection":[{"href":"https:\/\/biospa.ee\/vanaveeb2026\/wp-json\/wp\/v2\/pages"}],"about":[{"href":"https:\/\/biospa.ee\/vanaveeb2026\/wp-json\/wp\/v2\/types\/page"}],"author":[{"embeddable":true,"href":"https:\/\/biospa.ee\/vanaveeb2026\/wp-json\/wp\/v2\/users\/4"}],"replies":[{"embeddable":true,"href":"https:\/\/biospa.ee\/vanaveeb2026\/wp-json\/wp\/v2\/comments?post=9019"}],"version-history":[{"count":0,"href":"https:\/\/biospa.ee\/vanaveeb2026\/wp-json\/wp\/v2\/pages\/9019\/revisions"}],"wp:attachment":[{"href":"https:\/\/biospa.ee\/vanaveeb2026\/wp-json\/wp\/v2\/media?parent=9019"}],"curies":[{"name":"wp","href":"https:\/\/api.w.org\/{rel}","templated":true}]}}