{"id":9194,"date":"2020-08-11T16:31:23","date_gmt":"2020-08-11T13:31:23","guid":{"rendered":"https:\/\/biospa.ee\/vanaveeb2026\/?page_id=9194"},"modified":"2022-08-31T14:40:26","modified_gmt":"2022-08-31T11:40:26","slug":"laktoositalumatuse-test","status":"publish","type":"page","link":"https:\/\/biospa.ee\/vanaveeb2026\/laktoositalumatuse-test\/","title":{"rendered":"Laktoositalumatuse test"},"content":{"rendered":"<div class=\"fusion-fullwidth fullwidth-box fusion-builder-row-1 nonhundred-percent-fullwidth non-hundred-percent-height-scrolling\" style=\"--awb-border-radius-top-left:0px;--awb-border-radius-top-right:0px;--awb-border-radius-bottom-right:0px;--awb-border-radius-bottom-left:0px;--awb-flex-wrap:wrap;\" ><div class=\"fusion-builder-row fusion-row\"><div class=\"fusion-layout-column fusion_builder_column fusion-builder-column-0 fusion_builder_column_2_3 2_3 fusion-two-third fusion-column-first\" style=\"--awb-bg-size:cover;width:66.6666666667%;width:calc(66.6666666667% - ( ( 4% ) * 0.666666666667 ) );margin-right: 4%;\"><div class=\"fusion-column-wrapper fusion-column-has-shadow fusion-flex-column-wrapper-legacy\"><div class=\"fusion-image-element fusion-image-align-center in-legacy-container\" style=\"text-align:center;--awb-caption-title-font-family:var(--h2_typography-font-family);--awb-caption-title-font-weight:var(--h2_typography-font-weight);--awb-caption-title-font-style:var(--h2_typography-font-style);--awb-caption-title-size:var(--h2_typography-font-size);--awb-caption-title-transform:var(--h2_typography-text-transform);--awb-caption-title-line-height:var(--h2_typography-line-height);--awb-caption-title-letter-spacing:var(--h2_typography-letter-spacing);\"><div class=\"imageframe-align-center\"><span class=\" fusion-imageframe imageframe-dropshadow imageframe-1 hover-type-none\" style=\"-webkit-box-shadow: 3px 3px 7px rgba(0,0,0,0.3);box-shadow: 3px 3px 7px rgba(0,0,0,0.3);\"><img decoding=\"async\" width=\"212\" height=\"300\" title=\"Nimetu kujundus (34) (1)\" src=\"https:\/\/biospa.ee\/vanaveeb2026\/wp-content\/uploads\/2020\/11\/Nimetu-kujundus-34-1-212x300.png\" alt class=\"img-responsive wp-image-11629\" srcset=\"https:\/\/biospa.ee\/vanaveeb2026\/wp-content\/uploads\/2020\/11\/Nimetu-kujundus-34-1-200x283.png 200w, https:\/\/biospa.ee\/vanaveeb2026\/wp-content\/uploads\/2020\/11\/Nimetu-kujundus-34-1-400x566.png 400w, https:\/\/biospa.ee\/vanaveeb2026\/wp-content\/uploads\/2020\/11\/Nimetu-kujundus-34-1-600x849.png 600w, https:\/\/biospa.ee\/vanaveeb2026\/wp-content\/uploads\/2020\/11\/Nimetu-kujundus-34-1.png 800w\" sizes=\"(max-width: 800px) 100vw, 212px\" \/><\/span><\/div><\/div><div class=\"fusion-sep-clear\"><\/div><div class=\"fusion-separator fusion-full-width-sep\" style=\"margin-left: auto;margin-right: auto;width:100%;\"><\/div><div class=\"fusion-sep-clear\"><\/div><div class=\"fusion-text fusion-text-1\"><p align=\"JUSTIFY\">Laktoositalumatus on laialt levinud ainevahetuslik h\u00e4ire, mille puhul organism ei suuda ens\u00fc\u00fcm laktaasi v\u00e4hesuse v\u00f5i puudumise t\u00f5ttu seedida piimasuhkrut ehk laktoosi. Laktoos j\u00e4\u00e4b l\u00f5hustamata ega saa imenduda. Sellisel juhul fermenteeritakse laktoos soolebakterite poolt, mille tulemusena tekib suur hulk gaasi. See omakorda v\u00f5ib p\u00f5hjustada mitmeid laktoositalumatusele iseloomulikke ebameeldivaid s\u00fcmptomeid: k\u00f5huvalu, k\u00f5hukrampe ja -puhitust, k\u00f5hugaase ja k\u00f5hulahtisust.<\/p>\n<p align=\"LEFT\">Eristatakse kolme erinevat t\u00fc\u00fcpi laktoositalumatust:<\/p>\n<p align=\"LEFT\">1. Primaarne laktoositalumatus<\/p>\n<p align=\"JUSTIFY\">K\u00f5ige levinum laktoositalumatuse t\u00fc\u00fcp. Eestis esineb laktoositalumatust 20-30 % elanikkonnast. Primaarne laktoositalumatus on p\u00e4rilik ja seda t\u00fc\u00fcpi laktoositalumatust saab m\u00e4\u00e4rata geneetilise testi abil.<\/p>\n<p align=\"LEFT\">2. Sekundaarne laktoositalumatus<\/p>\n<p align=\"LEFT\">Keskkonnast tingitud, p\u00f5hjuseks sooleseina vigastus v\u00f5i gastrointestinaalsed haigused nagu ts\u00f6liaakia, Crohn\u2019i t\u00f5bi, \u00e4rritatud soole s\u00fcndroom.<\/p>\n<p align=\"LEFT\">3.Kaasas\u00fcndinud laktaasi puudulikkus<\/p>\n<\/div><div class=\"fusion-reading-box-container reading-box-container-1 fusion-no-large-visibility\" style=\"--awb-title-color:#472a2a;--awb-margin-top:0px;--awb-margin-bottom:84px;\"><div class=\"reading-box reading-box-center\" style=\"background-color:#f6f6f6;border-width:1px;border-color:#f6f6f6;border-left-width:3px;border-left-color:var(--primary_color);border-style:solid;\"><h2>SOOVIN TEADA, KAS MUL ON LAKTOOSITALUMATUS<\/h2><div class=\"reading-box-description fusion-reading-box-additional\">Sportlike v\u00f5imete geenitest 80.-<\/div><div class=\"fusion-clearfix\"><\/div><a class=\"button fusion-button button-default fusion-button-xlarge button-xlarge button-flat fusion-mobile-button continue-center\" style=\"-webkit-box-shadow:none;-moz-box-shadow:none;box-shadow:none;border-radius:10px 10px 10px 10px\" href=\"https:\/\/biospa.ee\/vanaveeb2026\/biokliinik\/kontakt-2\/\" target=\"_blank\" rel=\"noopener noreferrer\"><span>\u260e helista telefonil 53 47 15 32<\/span><\/a><\/div><\/div><div class=\"fusion-text fusion-text-2\"><p align=\"JUSTIFY\">Harvaesinev autosomaal-retsessiivne haigus, mis on rohkem levinud Soomes (1:60 000). Primaarset laktoositalumatust saab m\u00e4\u00e4rata geneetilise testi abil. M\u00e4\u00e4ratakse laktaasi kodeeriva geeni l\u00e4heduses geneetilist markerit (C-13910T), millel on seos laktoositalumatusega. Genot\u00fc\u00fcp CC on seotud laktoositalumatusega ja genot\u00fc\u00fcbid CT ja TT laktoosi tolerantsusega.<\/p>\n<p align=\"JUSTIFY\">Laktoositalumatuse geneetilisel testimisel on palju eeliseid v\u00f5rreldes traditsiooniliste diagnostiliste meetoditega:<\/p>\n<ul>\n<li>\n<p align=\"LEFT\">DNA-testi abil saab eristada primaarset laktoositalumatust sekundaarsest, mis v\u00f5ib olla ajutine, kui rakendatakse \u00f5iget ravi.<\/p>\n<\/li>\n<li>\n<p align=\"LEFT\">DNA-testi tulemus ei ole m\u00f5jutatud v\u00e4listest faktoritest nagu s\u00f6\u00f6mine\/joomine, antibiootikumide tarvitamine v\u00f5i endoskoopilised protseduurid enne testi l\u00e4biviimist.<\/p>\n<\/li>\n<li>\n<p align=\"LEFT\">Lisaks on geneetiline testimine patsiendile palju mugavam ja v\u00e4hem aegan\u00f5udev kui traditsioonilised meetodid.<\/p>\n<\/li>\n<\/ul>\n<\/div><div class=\"fusion-clearfix\"><\/div><\/div><\/div><div class=\"fusion-layout-column fusion_builder_column fusion-builder-column-1 fusion_builder_column_1_3 1_3 fusion-one-third fusion-column-last\" style=\"--awb-bg-size:cover;width:33.3333333333%;width:calc(33.3333333333% - ( ( 4% ) * 0.333333333333 ) );\"><div class=\"fusion-column-wrapper fusion-column-has-shadow fusion-flex-column-wrapper-legacy\"><div class=\"fusion-text fusion-text-3\"><p>Laktoositalumatuse geneetilist testi soovitatakse inimestele, kellel on laktoositalumatusele iseloomulikud s\u00fcmptomid. Geenitest on patsiendi jaoks on lihtne ja mugav. Proovimaterjaliks sobib p\u00f5sekaape, s\u00fclje- ja vereproov. Testi tulemused saab teada 1-2 n\u00e4dala jooksul.<\/p>\n<\/div><div class=\"fusion-reading-box-container reading-box-container-2\" style=\"--awb-title-color:#472a2a;--awb-margin-top:0px;--awb-margin-bottom:84px;\"><div class=\"reading-box reading-box-center\" style=\"background-color:#f6f6f6;border-width:1px;border-color:#f6f6f6;border-left-width:3px;border-left-color:var(--primary_color);border-style:solid;\"><h2>TELLI GEENITEST<\/h2><div class=\"reading-box-description fusion-reading-box-additional\">Laktoositalumatuse test <\/div><div class=\"fusion-clearfix\"><\/div><a class=\"button fusion-button button-default fusion-button-xlarge button-xlarge button-flat fusion-mobile-button continue-center\" style=\"-webkit-box-shadow:none;-moz-box-shadow:none;box-shadow:none;border-radius:10px 10px 10px 10px\" href=\"https:\/\/biospa.ee\/vanaveeb2026\/biokliinik\/kontakt-2\/\" target=\"_blank\" rel=\"noopener noreferrer\"><span>REGISTREERI VASTUV\u00d5TULE<\/span><\/a><\/div><\/div><div class=\"fusion-clearfix\"><\/div><\/div><\/div><\/div><\/div>\n","protected":false},"excerpt":{"rendered":"","protected":false},"author":4,"featured_media":0,"parent":0,"menu_order":56,"comment_status":"closed","ping_status":"closed","template":"","meta":{"footnotes":""},"class_list":["post-9194","page","type-page","status-publish","hentry"],"yoast_head":"<!-- This site is optimized with the Yoast SEO plugin v27.3 - https:\/\/yoast.com\/product\/yoast-seo-wordpress\/ -->\n<title>Laktoositalumatuse test - Loodus BioSpa<\/title>\n<meta name=\"robots\" content=\"index, follow, max-snippet:-1, max-image-preview:large, max-video-preview:-1\" \/>\n<link rel=\"canonical\" href=\"https:\/\/biospa.ee\/vanaveeb2026\/laktoositalumatuse-test\/\" \/>\n<meta property=\"og:locale\" content=\"et_EE\" \/>\n<meta property=\"og:type\" content=\"article\" \/>\n<meta property=\"og:title\" content=\"Laktoositalumatuse test - Loodus BioSpa\" \/>\n<meta property=\"og:url\" content=\"https:\/\/biospa.ee\/vanaveeb2026\/laktoositalumatuse-test\/\" \/>\n<meta property=\"og:site_name\" content=\"Loodus BioSpa\" \/>\n<meta property=\"article:publisher\" content=\"https:\/\/www.facebook.com\/LoodusBioSpa\/\" \/>\n<meta property=\"article:modified_time\" content=\"2022-08-31T11:40:26+00:00\" \/>\n<meta name=\"twitter:card\" content=\"summary_large_image\" \/>\n<meta name=\"twitter:label1\" content=\"Est. reading time\" \/>\n\t<meta name=\"twitter:data1\" content=\"7 minutit\" \/>\n<script type=\"application\/ld+json\" class=\"yoast-schema-graph\">{\"@context\":\"https:\\\/\\\/schema.org\",\"@graph\":[{\"@type\":\"WebPage\",\"@id\":\"https:\\\/\\\/biospa.ee\\\/vanaveeb2026\\\/laktoositalumatuse-test\\\/\",\"url\":\"https:\\\/\\\/biospa.ee\\\/vanaveeb2026\\\/laktoositalumatuse-test\\\/\",\"name\":\"Laktoositalumatuse test - Loodus BioSpa\",\"isPartOf\":{\"@id\":\"https:\\\/\\\/biospa.ee\\\/vanaveeb2026\\\/?lang=ru\\\/#website\"},\"datePublished\":\"2020-08-11T13:31:23+00:00\",\"dateModified\":\"2022-08-31T11:40:26+00:00\",\"breadcrumb\":{\"@id\":\"https:\\\/\\\/biospa.ee\\\/vanaveeb2026\\\/laktoositalumatuse-test\\\/#breadcrumb\"},\"inLanguage\":\"et\",\"potentialAction\":[{\"@type\":\"ReadAction\",\"target\":[\"https:\\\/\\\/biospa.ee\\\/vanaveeb2026\\\/laktoositalumatuse-test\\\/\"]}]},{\"@type\":\"BreadcrumbList\",\"@id\":\"https:\\\/\\\/biospa.ee\\\/vanaveeb2026\\\/laktoositalumatuse-test\\\/#breadcrumb\",\"itemListElement\":[{\"@type\":\"ListItem\",\"position\":1,\"name\":\"Home\",\"item\":\"https:\\\/\\\/biospa.ee\\\/vanaveeb2026\\\/\"},{\"@type\":\"ListItem\",\"position\":2,\"name\":\"Laktoositalumatuse test\"}]},{\"@type\":\"WebSite\",\"@id\":\"https:\\\/\\\/biospa.ee\\\/vanaveeb2026\\\/?lang=ru\\\/#website\",\"url\":\"https:\\\/\\\/biospa.ee\\\/vanaveeb2026\\\/?lang=ru\\\/\",\"name\":\"Loodus BioSpa\",\"description\":\"Loodus BioSpa\",\"publisher\":{\"@id\":\"https:\\\/\\\/biospa.ee\\\/vanaveeb2026\\\/?lang=ru\\\/#organization\"},\"potentialAction\":[{\"@type\":\"SearchAction\",\"target\":{\"@type\":\"EntryPoint\",\"urlTemplate\":\"https:\\\/\\\/biospa.ee\\\/vanaveeb2026\\\/?lang=ru\\\/?s={search_term_string}\"},\"query-input\":{\"@type\":\"PropertyValueSpecification\",\"valueRequired\":true,\"valueName\":\"search_term_string\"}}],\"inLanguage\":\"et\"},{\"@type\":\"Organization\",\"@id\":\"https:\\\/\\\/biospa.ee\\\/vanaveeb2026\\\/?lang=ru\\\/#organization\",\"name\":\"Tesmasan O\u00dc\",\"url\":\"https:\\\/\\\/biospa.ee\\\/vanaveeb2026\\\/?lang=ru\\\/\",\"logo\":{\"@type\":\"ImageObject\",\"inLanguage\":\"et\",\"@id\":\"https:\\\/\\\/biospa.ee\\\/vanaveeb2026\\\/?lang=ru\\\/#\\\/schema\\\/logo\\\/image\\\/\",\"url\":\"https:\\\/\\\/biospa.ee\\\/vanaveeb2026\\\/vanaveeb2026\\\/wp-content\\\/uploads\\\/2023\\\/06\\\/BioSpa-loggo-est1-0-143.png\",\"contentUrl\":\"https:\\\/\\\/biospa.ee\\\/vanaveeb2026\\\/vanaveeb2026\\\/wp-content\\\/uploads\\\/2023\\\/06\\\/BioSpa-loggo-est1-0-143.png\",\"width\":143,\"height\":59,\"caption\":\"Tesmasan O\u00dc\"},\"image\":{\"@id\":\"https:\\\/\\\/biospa.ee\\\/vanaveeb2026\\\/?lang=ru\\\/#\\\/schema\\\/logo\\\/image\\\/\"},\"sameAs\":[\"https:\\\/\\\/www.facebook.com\\\/LoodusBioSpa\\\/\",\"https:\\\/\\\/www.instagram.com\\\/loodusbiospa\\\/\"]}]}<\/script>\n<!-- \/ Yoast SEO plugin. -->","yoast_head_json":{"title":"Laktoositalumatuse test - Loodus BioSpa","robots":{"index":"index","follow":"follow","max-snippet":"max-snippet:-1","max-image-preview":"max-image-preview:large","max-video-preview":"max-video-preview:-1"},"canonical":"https:\/\/biospa.ee\/vanaveeb2026\/laktoositalumatuse-test\/","og_locale":"et_EE","og_type":"article","og_title":"Laktoositalumatuse test - Loodus BioSpa","og_url":"https:\/\/biospa.ee\/vanaveeb2026\/laktoositalumatuse-test\/","og_site_name":"Loodus BioSpa","article_publisher":"https:\/\/www.facebook.com\/LoodusBioSpa\/","article_modified_time":"2022-08-31T11:40:26+00:00","twitter_card":"summary_large_image","twitter_misc":{"Est. reading time":"7 minutit"},"schema":{"@context":"https:\/\/schema.org","@graph":[{"@type":"WebPage","@id":"https:\/\/biospa.ee\/vanaveeb2026\/laktoositalumatuse-test\/","url":"https:\/\/biospa.ee\/vanaveeb2026\/laktoositalumatuse-test\/","name":"Laktoositalumatuse test - Loodus BioSpa","isPartOf":{"@id":"https:\/\/biospa.ee\/vanaveeb2026\/?lang=ru\/#website"},"datePublished":"2020-08-11T13:31:23+00:00","dateModified":"2022-08-31T11:40:26+00:00","breadcrumb":{"@id":"https:\/\/biospa.ee\/vanaveeb2026\/laktoositalumatuse-test\/#breadcrumb"},"inLanguage":"et","potentialAction":[{"@type":"ReadAction","target":["https:\/\/biospa.ee\/vanaveeb2026\/laktoositalumatuse-test\/"]}]},{"@type":"BreadcrumbList","@id":"https:\/\/biospa.ee\/vanaveeb2026\/laktoositalumatuse-test\/#breadcrumb","itemListElement":[{"@type":"ListItem","position":1,"name":"Home","item":"https:\/\/biospa.ee\/vanaveeb2026\/"},{"@type":"ListItem","position":2,"name":"Laktoositalumatuse test"}]},{"@type":"WebSite","@id":"https:\/\/biospa.ee\/vanaveeb2026\/?lang=ru\/#website","url":"https:\/\/biospa.ee\/vanaveeb2026\/?lang=ru\/","name":"Loodus BioSpa","description":"Loodus BioSpa","publisher":{"@id":"https:\/\/biospa.ee\/vanaveeb2026\/?lang=ru\/#organization"},"potentialAction":[{"@type":"SearchAction","target":{"@type":"EntryPoint","urlTemplate":"https:\/\/biospa.ee\/vanaveeb2026\/?lang=ru\/?s={search_term_string}"},"query-input":{"@type":"PropertyValueSpecification","valueRequired":true,"valueName":"search_term_string"}}],"inLanguage":"et"},{"@type":"Organization","@id":"https:\/\/biospa.ee\/vanaveeb2026\/?lang=ru\/#organization","name":"Tesmasan O\u00dc","url":"https:\/\/biospa.ee\/vanaveeb2026\/?lang=ru\/","logo":{"@type":"ImageObject","inLanguage":"et","@id":"https:\/\/biospa.ee\/vanaveeb2026\/?lang=ru\/#\/schema\/logo\/image\/","url":"https:\/\/biospa.ee\/vanaveeb2026\/vanaveeb2026\/wp-content\/uploads\/2023\/06\/BioSpa-loggo-est1-0-143.png","contentUrl":"https:\/\/biospa.ee\/vanaveeb2026\/vanaveeb2026\/wp-content\/uploads\/2023\/06\/BioSpa-loggo-est1-0-143.png","width":143,"height":59,"caption":"Tesmasan O\u00dc"},"image":{"@id":"https:\/\/biospa.ee\/vanaveeb2026\/?lang=ru\/#\/schema\/logo\/image\/"},"sameAs":["https:\/\/www.facebook.com\/LoodusBioSpa\/","https:\/\/www.instagram.com\/loodusbiospa\/"]}]}},"_links":{"self":[{"href":"https:\/\/biospa.ee\/vanaveeb2026\/wp-json\/wp\/v2\/pages\/9194","targetHints":{"allow":["GET"]}}],"collection":[{"href":"https:\/\/biospa.ee\/vanaveeb2026\/wp-json\/wp\/v2\/pages"}],"about":[{"href":"https:\/\/biospa.ee\/vanaveeb2026\/wp-json\/wp\/v2\/types\/page"}],"author":[{"embeddable":true,"href":"https:\/\/biospa.ee\/vanaveeb2026\/wp-json\/wp\/v2\/users\/4"}],"replies":[{"embeddable":true,"href":"https:\/\/biospa.ee\/vanaveeb2026\/wp-json\/wp\/v2\/comments?post=9194"}],"version-history":[{"count":0,"href":"https:\/\/biospa.ee\/vanaveeb2026\/wp-json\/wp\/v2\/pages\/9194\/revisions"}],"wp:attachment":[{"href":"https:\/\/biospa.ee\/vanaveeb2026\/wp-json\/wp\/v2\/media?parent=9194"}],"curies":[{"name":"wp","href":"https:\/\/api.w.org\/{rel}","templated":true}]}}