{"id":14920,"date":"2021-05-06T11:13:40","date_gmt":"2021-05-06T08:13:40","guid":{"rendered":"https:\/\/biospa.ee\/vanaveeb2026\/?post_type=product&#038;p=14920"},"modified":"2025-07-01T08:45:57","modified_gmt":"2025-07-01T05:45:57","slug":"dr-trofimova-virtuaalne-vastuvott","status":"publish","type":"product","link":"https:\/\/biospa.ee\/vanaveeb2026\/toode\/dr-trofimova-virtuaalne-vastuvott\/","title":{"rendered":"Dr. Trofimova virtuaalne n\u00f5ustamine"},"content":{"rendered":"<p><strong>Dr\u00a0 Natalia Trofimova n\u00f5ustab patsiente\u00a0 nii ambulatoorselt kui virtuaalsel teel.\u00a0<\/strong><\/p>\n<div class=\"fusion-text fusion-text-1\">\n<p>Dr. Natalia Trofimova p\u00fc\u00fcab <strong>v\u00e4lja<\/strong> <strong>selgitada\u00a0 terviseprobleemide p\u00f5hjustajad<\/strong> ning soovitada <strong>efektiivse ravi<\/strong>\u00a0 selle probleemi lahendamiseks.<\/p>\n<p><strong>Kogemusega<\/strong> <strong>integratiivse meditsiini<\/strong> arst, terapeut, toitumisalane n\u00f5ustaja ning loodusravikeskuse Loodus BioSpa ning Loodus Biokliiniku asutaja. Arst \u00fchendab erinevaid integratiivse meditsiiniv\u00f5tteid, st. loodusravi, hom\u00f6opaatia ja dieetravi maksimaalse tulemuse saavutamiseks.<\/p>\n<\/div>\n<div class=\"fusion-text fusion-text-2\">\n<p>Dr. Trofimova kasutab erinevaid <strong>integratiivse meditsiini<\/strong> v\u00f5tteid, sealhulgas ka bioresonants-diagnostikat, toidutalumatuseteste, mikrobioomi, mikroelementideuuringuid ja geeniuuringuid. Vastuste j\u00e4rgi on v\u00f5imalik v\u00e4lja selgitada<span class=\"text_exposed_show\"> murekohad organismis, mis probleeme tekitavad.<\/span><\/p>\n<p>Oma karj\u00e4\u00e4ri jooksul on Dr. Trofimova osalenud mitmes raadio- ja TVsaates, andnud sadu intervjuusid ajalehtedele ning on enimm\u00fc\u00fcdud\u00a0<strong>raamatu \u201cPaastuga terveks\u201d autor<\/strong>\u00a0ning k\u00f5neleb eesti, vene, ungari, ukraina ja inglise keeltes.<\/p>\n<\/div>\n","protected":false},"excerpt":{"rendered":"<h2 class=\"fusion-responsive-typography-calculated\" data-fontsize=\"32\" data-lineheight=\"38.4px\">Leia probleemile lahendus virtuaalselt!<\/h2>\n<h3 class=\"fusion-responsive-typography-calculated\" data-fontsize=\"24\" data-lineheight=\"31.2px\">Dr. Natalia Trofimova n\u00f5ustab, kui on<\/h3>\n<ul>\n<li>pidev nohu, k\u00f5hukinnisus, atoopiline nahk<\/li>\n<li>akne, l\u00f6\u00f6ve, allergiad<\/li>\n<li>toidutalumatus<\/li>\n<li>liigne kehakaal<\/li>\n<li>probleemid seedimisega \u2013 puhitus, k\u00f5hukinnisus, k\u00f5hulahtisus<\/li>\n<li>k\u00f5rge verer\u00f5hk v\u00f5i kolesterool<\/li>\n<li>liigesevalud, tursed<\/li>\n<li>erinevad kroonilised haigused<\/li>\n<li>tihe k\u00fclmetus,\u00a0n\u00f5rk immuunsus<\/li>\n<li>halb hinge\u00f5hk<\/li>\n<li>v\u00e4simus, halb m\u00e4lu, halb uni<\/li>\n<\/ul>\n","protected":false},"featured_media":14924,"template":"","meta":[],"product_brand":[],"product_cat":[294],"product_tag":[],"class_list":{"0":"post-14920","1":"product","2":"type-product","3":"status-publish","4":"has-post-thumbnail","6":"product_cat-vastuvotud","8":"first","9":"instock","10":"virtual","11":"taxable","12":"purchasable","13":"product-type-simple"},"yoast_head":"<!-- This site is optimized with the Yoast SEO plugin v27.3 - https:\/\/yoast.com\/product\/yoast-seo-wordpress\/ -->\n<title>Dr. Trofimova virtuaalne n\u00f5ustamine - Loodus BioSpa<\/title>\n<meta name=\"robots\" content=\"index, follow, max-snippet:-1, max-image-preview:large, max-video-preview:-1\" \/>\n<link rel=\"canonical\" href=\"https:\/\/biospa.ee\/vanaveeb2026\/toode\/dr-trofimova-virtuaalne-vastuvott\/\" \/>\n<meta property=\"og:locale\" content=\"et_EE\" \/>\n<meta property=\"og:type\" content=\"article\" \/>\n<meta property=\"og:title\" content=\"Dr. Trofimova virtuaalne n\u00f5ustamine - Loodus BioSpa\" \/>\n<meta property=\"og:description\" content=\"Leia probleemile lahendus virtuaalselt! Dr. Natalia Trofimova n\u00f5ustab, kui on   pidev nohu, k\u00f5hukinnisus, atoopiline nahk  akne, l\u00f6\u00f6ve, allergiad  toidutalumatus  liigne kehakaal  probleemid seedimisega \u2013 puhitus, k\u00f5hukinnisus, k\u00f5hulahtisus  k\u00f5rge verer\u00f5hk v\u00f5i kolesterool  liigesevalud, tursed  erinevad kroonilised haigused  tihe k\u00fclmetus,\u00a0n\u00f5rk immuunsus  halb hinge\u00f5hk  v\u00e4simus, halb m\u00e4lu, halb uni\" \/>\n<meta property=\"og:url\" content=\"https:\/\/biospa.ee\/vanaveeb2026\/toode\/dr-trofimova-virtuaalne-vastuvott\/\" \/>\n<meta property=\"og:site_name\" content=\"Loodus BioSpa\" \/>\n<meta property=\"article:publisher\" content=\"https:\/\/www.facebook.com\/LoodusBioSpa\/\" \/>\n<meta property=\"article:modified_time\" content=\"2025-07-01T05:45:57+00:00\" \/>\n<meta property=\"og:image\" content=\"https:\/\/biospa.ee\/vanaveeb2026\/wp-content\/uploads\/2021\/05\/Loodus-BioSpa-Dr-Trofimova-Virtuaalne-Vastuvott.jpeg\" \/>\n\t<meta property=\"og:image:width\" content=\"1080\" \/>\n\t<meta property=\"og:image:height\" content=\"1080\" \/>\n\t<meta property=\"og:image:type\" content=\"image\/jpeg\" \/>\n<meta name=\"twitter:card\" content=\"summary_large_image\" \/>\n<meta name=\"twitter:label1\" content=\"Est. reading time\" \/>\n\t<meta name=\"twitter:data1\" content=\"1 minut\" \/>\n<script type=\"application\/ld+json\" class=\"yoast-schema-graph\">{\"@context\":\"https:\\\/\\\/schema.org\",\"@graph\":[{\"@type\":\"WebPage\",\"@id\":\"https:\\\/\\\/biospa.ee\\\/vanaveeb2026\\\/toode\\\/dr-trofimova-virtuaalne-vastuvott\\\/\",\"url\":\"https:\\\/\\\/biospa.ee\\\/vanaveeb2026\\\/toode\\\/dr-trofimova-virtuaalne-vastuvott\\\/\",\"name\":\"Dr. Trofimova virtuaalne n\u00f5ustamine - Loodus BioSpa\",\"isPartOf\":{\"@id\":\"https:\\\/\\\/biospa.ee\\\/vanaveeb2026\\\/#website\"},\"primaryImageOfPage\":{\"@id\":\"https:\\\/\\\/biospa.ee\\\/vanaveeb2026\\\/toode\\\/dr-trofimova-virtuaalne-vastuvott\\\/#primaryimage\"},\"image\":{\"@id\":\"https:\\\/\\\/biospa.ee\\\/vanaveeb2026\\\/toode\\\/dr-trofimova-virtuaalne-vastuvott\\\/#primaryimage\"},\"thumbnailUrl\":\"https:\\\/\\\/biospa.ee\\\/vanaveeb2026\\\/wp-content\\\/uploads\\\/2021\\\/05\\\/Loodus-BioSpa-Dr-Trofimova-Virtuaalne-Vastuvott.jpeg\",\"datePublished\":\"2021-05-06T08:13:40+00:00\",\"dateModified\":\"2025-07-01T05:45:57+00:00\",\"breadcrumb\":{\"@id\":\"https:\\\/\\\/biospa.ee\\\/vanaveeb2026\\\/toode\\\/dr-trofimova-virtuaalne-vastuvott\\\/#breadcrumb\"},\"inLanguage\":\"et\",\"potentialAction\":[{\"@type\":\"ReadAction\",\"target\":[\"https:\\\/\\\/biospa.ee\\\/vanaveeb2026\\\/toode\\\/dr-trofimova-virtuaalne-vastuvott\\\/\"]}]},{\"@type\":\"ImageObject\",\"inLanguage\":\"et\",\"@id\":\"https:\\\/\\\/biospa.ee\\\/vanaveeb2026\\\/toode\\\/dr-trofimova-virtuaalne-vastuvott\\\/#primaryimage\",\"url\":\"https:\\\/\\\/biospa.ee\\\/vanaveeb2026\\\/wp-content\\\/uploads\\\/2021\\\/05\\\/Loodus-BioSpa-Dr-Trofimova-Virtuaalne-Vastuvott.jpeg\",\"contentUrl\":\"https:\\\/\\\/biospa.ee\\\/vanaveeb2026\\\/wp-content\\\/uploads\\\/2021\\\/05\\\/Loodus-BioSpa-Dr-Trofimova-Virtuaalne-Vastuvott.jpeg\",\"width\":1080,\"height\":1080},{\"@type\":\"BreadcrumbList\",\"@id\":\"https:\\\/\\\/biospa.ee\\\/vanaveeb2026\\\/toode\\\/dr-trofimova-virtuaalne-vastuvott\\\/#breadcrumb\",\"itemListElement\":[{\"@type\":\"ListItem\",\"position\":1,\"name\":\"Home\",\"item\":\"https:\\\/\\\/biospa.ee\\\/vanaveeb2026\\\/\"},{\"@type\":\"ListItem\",\"position\":2,\"name\":\"Pood\",\"item\":\"https:\\\/\\\/biospa.ee\\\/vanaveeb2026\\\/pood\\\/\"},{\"@type\":\"ListItem\",\"position\":3,\"name\":\"Dr. Trofimova virtuaalne n\u00f5ustamine\"}]},{\"@type\":\"WebSite\",\"@id\":\"https:\\\/\\\/biospa.ee\\\/vanaveeb2026\\\/#website\",\"url\":\"https:\\\/\\\/biospa.ee\\\/vanaveeb2026\\\/\",\"name\":\"Loodus BioSpa\",\"description\":\"Loodus BioSpa\",\"publisher\":{\"@id\":\"https:\\\/\\\/biospa.ee\\\/vanaveeb2026\\\/#organization\"},\"potentialAction\":[{\"@type\":\"SearchAction\",\"target\":{\"@type\":\"EntryPoint\",\"urlTemplate\":\"https:\\\/\\\/biospa.ee\\\/vanaveeb2026\\\/?s={search_term_string}\"},\"query-input\":{\"@type\":\"PropertyValueSpecification\",\"valueRequired\":true,\"valueName\":\"search_term_string\"}}],\"inLanguage\":\"et\"},{\"@type\":\"Organization\",\"@id\":\"https:\\\/\\\/biospa.ee\\\/vanaveeb2026\\\/#organization\",\"name\":\"Tesmasan O\u00dc\",\"url\":\"https:\\\/\\\/biospa.ee\\\/vanaveeb2026\\\/\",\"logo\":{\"@type\":\"ImageObject\",\"inLanguage\":\"et\",\"@id\":\"https:\\\/\\\/biospa.ee\\\/vanaveeb2026\\\/#\\\/schema\\\/logo\\\/image\\\/\",\"url\":\"https:\\\/\\\/biospa.ee\\\/vanaveeb2026\\\/vanaveeb2026\\\/wp-content\\\/uploads\\\/2023\\\/06\\\/BioSpa-loggo-est1-0-143.png\",\"contentUrl\":\"https:\\\/\\\/biospa.ee\\\/vanaveeb2026\\\/vanaveeb2026\\\/wp-content\\\/uploads\\\/2023\\\/06\\\/BioSpa-loggo-est1-0-143.png\",\"width\":143,\"height\":59,\"caption\":\"Tesmasan O\u00dc\"},\"image\":{\"@id\":\"https:\\\/\\\/biospa.ee\\\/vanaveeb2026\\\/#\\\/schema\\\/logo\\\/image\\\/\"},\"sameAs\":[\"https:\\\/\\\/www.facebook.com\\\/LoodusBioSpa\\\/\",\"https:\\\/\\\/www.instagram.com\\\/loodusbiospa\\\/\"]}]}<\/script>\n<!-- \/ Yoast SEO plugin. -->","yoast_head_json":{"title":"Dr. Trofimova virtuaalne n\u00f5ustamine - Loodus BioSpa","robots":{"index":"index","follow":"follow","max-snippet":"max-snippet:-1","max-image-preview":"max-image-preview:large","max-video-preview":"max-video-preview:-1"},"canonical":"https:\/\/biospa.ee\/vanaveeb2026\/toode\/dr-trofimova-virtuaalne-vastuvott\/","og_locale":"et_EE","og_type":"article","og_title":"Dr. Trofimova virtuaalne n\u00f5ustamine - Loodus BioSpa","og_description":"Leia probleemile lahendus virtuaalselt! Dr. Natalia Trofimova n\u00f5ustab, kui on   pidev nohu, k\u00f5hukinnisus, atoopiline nahk  akne, l\u00f6\u00f6ve, allergiad  toidutalumatus  liigne kehakaal  probleemid seedimisega \u2013 puhitus, k\u00f5hukinnisus, k\u00f5hulahtisus  k\u00f5rge verer\u00f5hk v\u00f5i kolesterool  liigesevalud, tursed  erinevad kroonilised haigused  tihe k\u00fclmetus,\u00a0n\u00f5rk immuunsus  halb hinge\u00f5hk  v\u00e4simus, halb m\u00e4lu, halb uni","og_url":"https:\/\/biospa.ee\/vanaveeb2026\/toode\/dr-trofimova-virtuaalne-vastuvott\/","og_site_name":"Loodus BioSpa","article_publisher":"https:\/\/www.facebook.com\/LoodusBioSpa\/","article_modified_time":"2025-07-01T05:45:57+00:00","og_image":[{"width":1080,"height":1080,"url":"https:\/\/biospa.ee\/vanaveeb2026\/wp-content\/uploads\/2021\/05\/Loodus-BioSpa-Dr-Trofimova-Virtuaalne-Vastuvott.jpeg","type":"image\/jpeg"}],"twitter_card":"summary_large_image","twitter_misc":{"Est. reading time":"1 minut"},"schema":{"@context":"https:\/\/schema.org","@graph":[{"@type":"WebPage","@id":"https:\/\/biospa.ee\/vanaveeb2026\/toode\/dr-trofimova-virtuaalne-vastuvott\/","url":"https:\/\/biospa.ee\/vanaveeb2026\/toode\/dr-trofimova-virtuaalne-vastuvott\/","name":"Dr. Trofimova virtuaalne n\u00f5ustamine - Loodus BioSpa","isPartOf":{"@id":"https:\/\/biospa.ee\/vanaveeb2026\/#website"},"primaryImageOfPage":{"@id":"https:\/\/biospa.ee\/vanaveeb2026\/toode\/dr-trofimova-virtuaalne-vastuvott\/#primaryimage"},"image":{"@id":"https:\/\/biospa.ee\/vanaveeb2026\/toode\/dr-trofimova-virtuaalne-vastuvott\/#primaryimage"},"thumbnailUrl":"https:\/\/biospa.ee\/vanaveeb2026\/wp-content\/uploads\/2021\/05\/Loodus-BioSpa-Dr-Trofimova-Virtuaalne-Vastuvott.jpeg","datePublished":"2021-05-06T08:13:40+00:00","dateModified":"2025-07-01T05:45:57+00:00","breadcrumb":{"@id":"https:\/\/biospa.ee\/vanaveeb2026\/toode\/dr-trofimova-virtuaalne-vastuvott\/#breadcrumb"},"inLanguage":"et","potentialAction":[{"@type":"ReadAction","target":["https:\/\/biospa.ee\/vanaveeb2026\/toode\/dr-trofimova-virtuaalne-vastuvott\/"]}]},{"@type":"ImageObject","inLanguage":"et","@id":"https:\/\/biospa.ee\/vanaveeb2026\/toode\/dr-trofimova-virtuaalne-vastuvott\/#primaryimage","url":"https:\/\/biospa.ee\/vanaveeb2026\/wp-content\/uploads\/2021\/05\/Loodus-BioSpa-Dr-Trofimova-Virtuaalne-Vastuvott.jpeg","contentUrl":"https:\/\/biospa.ee\/vanaveeb2026\/wp-content\/uploads\/2021\/05\/Loodus-BioSpa-Dr-Trofimova-Virtuaalne-Vastuvott.jpeg","width":1080,"height":1080},{"@type":"BreadcrumbList","@id":"https:\/\/biospa.ee\/vanaveeb2026\/toode\/dr-trofimova-virtuaalne-vastuvott\/#breadcrumb","itemListElement":[{"@type":"ListItem","position":1,"name":"Home","item":"https:\/\/biospa.ee\/vanaveeb2026\/"},{"@type":"ListItem","position":2,"name":"Pood","item":"https:\/\/biospa.ee\/vanaveeb2026\/pood\/"},{"@type":"ListItem","position":3,"name":"Dr. Trofimova virtuaalne n\u00f5ustamine"}]},{"@type":"WebSite","@id":"https:\/\/biospa.ee\/vanaveeb2026\/#website","url":"https:\/\/biospa.ee\/vanaveeb2026\/","name":"Loodus BioSpa","description":"Loodus BioSpa","publisher":{"@id":"https:\/\/biospa.ee\/vanaveeb2026\/#organization"},"potentialAction":[{"@type":"SearchAction","target":{"@type":"EntryPoint","urlTemplate":"https:\/\/biospa.ee\/vanaveeb2026\/?s={search_term_string}"},"query-input":{"@type":"PropertyValueSpecification","valueRequired":true,"valueName":"search_term_string"}}],"inLanguage":"et"},{"@type":"Organization","@id":"https:\/\/biospa.ee\/vanaveeb2026\/#organization","name":"Tesmasan O\u00dc","url":"https:\/\/biospa.ee\/vanaveeb2026\/","logo":{"@type":"ImageObject","inLanguage":"et","@id":"https:\/\/biospa.ee\/vanaveeb2026\/#\/schema\/logo\/image\/","url":"https:\/\/biospa.ee\/vanaveeb2026\/vanaveeb2026\/wp-content\/uploads\/2023\/06\/BioSpa-loggo-est1-0-143.png","contentUrl":"https:\/\/biospa.ee\/vanaveeb2026\/vanaveeb2026\/wp-content\/uploads\/2023\/06\/BioSpa-loggo-est1-0-143.png","width":143,"height":59,"caption":"Tesmasan O\u00dc"},"image":{"@id":"https:\/\/biospa.ee\/vanaveeb2026\/#\/schema\/logo\/image\/"},"sameAs":["https:\/\/www.facebook.com\/LoodusBioSpa\/","https:\/\/www.instagram.com\/loodusbiospa\/"]}]}},"_links":{"self":[{"href":"https:\/\/biospa.ee\/vanaveeb2026\/wp-json\/wp\/v2\/product\/14920","targetHints":{"allow":["GET"]}}],"collection":[{"href":"https:\/\/biospa.ee\/vanaveeb2026\/wp-json\/wp\/v2\/product"}],"about":[{"href":"https:\/\/biospa.ee\/vanaveeb2026\/wp-json\/wp\/v2\/types\/product"}],"wp:featuredmedia":[{"embeddable":true,"href":"https:\/\/biospa.ee\/vanaveeb2026\/wp-json\/wp\/v2\/media\/14924"}],"wp:attachment":[{"href":"https:\/\/biospa.ee\/vanaveeb2026\/wp-json\/wp\/v2\/media?parent=14920"}],"wp:term":[{"taxonomy":"product_brand","embeddable":true,"href":"https:\/\/biospa.ee\/vanaveeb2026\/wp-json\/wp\/v2\/product_brand?post=14920"},{"taxonomy":"product_cat","embeddable":true,"href":"https:\/\/biospa.ee\/vanaveeb2026\/wp-json\/wp\/v2\/product_cat?post=14920"},{"taxonomy":"product_tag","embeddable":true,"href":"https:\/\/biospa.ee\/vanaveeb2026\/wp-json\/wp\/v2\/product_tag?post=14920"}],"curies":[{"name":"wp","href":"https:\/\/api.w.org\/{rel}","templated":true}]}}