{"id":21158,"date":"2022-07-22T12:57:06","date_gmt":"2022-07-22T09:57:06","guid":{"rendered":"https:\/\/biospa.ee\/vanaveeb2026\/?post_type=product&#038;p=21158"},"modified":"2026-03-25T11:40:36","modified_gmt":"2026-03-25T09:40:36","slug":"uus-pro-amino-spezial","status":"publish","type":"product","link":"https:\/\/biospa.ee\/vanaveeb2026\/toode\/uus-pro-amino-spezial\/","title":{"rendered":"Pro AMINO SPEZIAL"},"content":{"rendered":"<p>Aminohapped on valkude \u2013 st valgumolekulide \u2013 komponendid ja osalevad seega paljudes protsessides, n\u00e4iteks lihasmassi ja luude s\u00e4ilitamisel.\u00a0Valkudes on 20 erinevat aminohapet, mis v\u00f5ib jagada kolme r\u00fchma:\u00a0<strong>asendamatud, poolassendavad ja mitteasendatavad aminohapped.<\/strong><\/p>\n<p>Keha ei suuda asendamatuid aminohappeid ise toota.\u00a0Seet\u00f5ttu tuleb neid saada toidust.\u00a0Nende hulka kuuluvad n\u00e4iteks tr\u00fcptofaan, l\u00fcsiin, metioniin ja fen\u00fc\u00fclalaniin.\u00a0Poolassendamatud aminohapped, nagu arginiin, gl\u00fctsiin, glutamiin, histidiin v\u00f5i t\u00fcrosiin, saab organism ise asendamatutest aminohapetest toota, kuid m\u00f5nikord on need kogused ebapiisavad, n\u00e4iteks kasvu ja sportimise v\u00f5i raseduse ajal.\u00a0Seej\u00e4rel tuleb neid toiduga varustada.\u00a0Mitteasendatavaid aminohappeid, nt alaniini ja seriini, saab organism ise toota.\u00a0Aminohappeid v\u00f5etakse sageli kapslitena v\u00f5i veganvalgupulbrina valguvaese dieedi v\u00f5i suurenenud n\u00f5udluse korral.<\/p>\n<p>Tervislik ja mitmekesine toitumine varustab keha tavaliselt piisavalt valkudega. Kuid on olukordi, kus keha vajab neid rohkem ja siis tuleb veenduda, et ta saaks ka tegelikult k\u00f5ik vajalikud aminohapped \u00f5iges koguses ja \u00f5iges vahekorras. See kehtib eriti siis, kui keha on ilma loomse valguta v\u00f5i intensiivse treeninguga, samuti\u00a0 ka vanemas eas lihaste s\u00e4ilitamiseks. Riis ja herned on valgu unistuste meeskond.<\/p>\n<p>Pro Amino Special aitab katta suurenenud valguvajadust lihtsal viisil. Optimaalselt tasakaalustatud riisi- ja hernevalgu kombinatsioon ei paku mitte ainult erakordselt k\u00f5rget, \u00fcle 80% valgusisaldust, vaid ka t\u00e4isv\u00e4\u00e4rtuslikku puhast taimset valku.<\/p>\n<p>Miks riis ja herned? M\u00f5lemad on eriti kergesti seeditavad ja erinevalt n\u00e4iteks piima- v\u00f5i sojavalgust ei sisalda t\u00fc\u00fcpilisi allergeene. M\u00f5lemad annavad just neid aminohappeid, mis teisel puuduvad.\u00a0 Riis ja hernes t\u00e4iendavad teineteist suurep\u00e4raselt, kuna tasakaalustavad teineteise aminohappeid: riis annab ts\u00fcsteiini ja metioniini, hernes aga arginiini ja l\u00fcsiini. M\u00f5lemad on rikkad EAA ja BCAA** poolest. Toode ei sisalda maitseaineid ega lisaaineid. Sobib suurep\u00e4raselt kokteilide, smuutide, m\u00fcsli v\u00f5i k\u00fcpsetamise jaoks. Valgud aitavad suurendada ja s\u00e4ilitada lihasmassi.<\/p>\n<p>** EAA (Essential Amino Acids): asendamatud v\u00f5i asendamatud aminohapped<br \/>\n**BCAA (Branched-Chain Amino Acids): hargnenud ahelaga asendamatud aminohapped = leutsiin, isoleutsiin ja valiin.<\/p>\n","protected":false},"excerpt":{"rendered":"<p><strong>T\u00e4isvalk riisist ja hernest:<\/strong>\u00a0\u00a0 Pro Amino Spezial aitab katta suurenenud valguvajadust lihtsal viisil.\u00a0Optimaalselt tasakaalustatud riisi- ja hernevalgu kombinatsioon ei paku mitte ainult erakordselt k\u00f5rget, \u00fcle 80% valgusisaldust, vaid ka t\u00e4isv\u00e4\u00e4rtuslikku valku puhtalt taimsel baasil.<\/p>\n<ul>\n<li aria-level=\"1\">riisi ja herne valk \u2013 ei midagi muud<\/li>\n<li aria-level=\"1\">18 aminohapet sh.\u00a0EAA\/BCAA, valgusisaldus \u00fcle 80%<\/li>\n<li aria-level=\"1\">toetab lihasmassi suurendamist ja s\u00e4ilitamist<\/li>\n<li aria-level=\"1\">ideaalne kokteilide, smuutide, hommikus\u00f6\u00f6gihelveste v\u00f5i k\u00fcpsetamiseks<\/li>\n<\/ul>\n<p>Kogus: 1000 g<\/p>\n<p><strong>NB! Sobib taimetoitlastele<\/strong><\/p>\n<p><a href=\"https:\/\/biospa.ee\/vanaveeb2026\/wp-content\/uploads\/2020\/11\/TISSOgramm_Glutenfrei.png\" data-caption=\"\"><img decoding=\"async\" class=\"alignnone wp-image-13290 size-full\" title=\"Gluteenivaba \" src=\"https:\/\/biospa.ee\/vanaveeb2026\/wp-content\/uploads\/2020\/11\/TISSOgramm_Glutenfrei.png\" alt=\"\" width=\"45\" height=\"45\" \/><\/a><a href=\"https:\/\/biospa.ee\/vanaveeb2026\/wp-content\/uploads\/2020\/11\/TISSOgramm_Hypoallergen.png\">\u00a0<\/a><a href=\"https:\/\/biospa.ee\/vanaveeb2026\/wp-content\/uploads\/2020\/11\/TISSOgramm_Hefefrei.png\" data-caption=\"\"><img decoding=\"async\" class=\"alignnone wp-image-13293 size-full\" title=\"P\u00e4rmivaba \" src=\"https:\/\/biospa.ee\/vanaveeb2026\/wp-content\/uploads\/2020\/11\/TISSOgramm_Hefefrei.png\" alt=\"\" width=\"45\" height=\"45\" \/><\/a><a href=\"https:\/\/biospa.ee\/vanaveeb2026\/wp-content\/uploads\/2020\/11\/TISSOgramm_Hypoallergen.png\">\u00a0<\/a><a href=\"https:\/\/biospa.ee\/vanaveeb2026\/wp-content\/uploads\/2020\/11\/TISSOgramm_ohne-zusatz-von.png\" data-caption=\"\"><img decoding=\"async\" class=\"alignnone wp-image-13299 size-full\" title=\"Ei sisalda magusaineid, s\u00e4ilitusaineid, aroome, v\u00e4rvaineid, maitsetugevdajaid, kunstlikke koostisosi\" src=\"https:\/\/biospa.ee\/vanaveeb2026\/wp-content\/uploads\/2020\/11\/TISSOgramm_ohne-zusatz-von.png\" alt=\"\" width=\"45\" height=\"45\" \/><\/a><a href=\"https:\/\/biospa.ee\/vanaveeb2026\/wp-content\/uploads\/2020\/11\/TISSOgramm_Hypoallergen.png\">\u00a0<\/a><a href=\"https:\/\/biospa.ee\/vanaveeb2026\/wp-content\/uploads\/2020\/11\/TISSOgramm_Schadstofffrei.png\" data-caption=\"\"><img decoding=\"async\" class=\"alignnone wp-image-13287 size-full\" title=\"Kahjulike koostisaineteta\" src=\"https:\/\/biospa.ee\/vanaveeb2026\/wp-content\/uploads\/2020\/11\/TISSOgramm_Schadstofffrei.png\" alt=\"\" width=\"45\" height=\"45\" \/><\/a><a href=\"https:\/\/biospa.ee\/vanaveeb2026\/wp-content\/uploads\/2020\/11\/TISSOgramm_Hypoallergen.png\">\u00a0<\/a><a href=\"https:\/\/biospa.ee\/vanaveeb2026\/wp-content\/uploads\/2020\/11\/TISSOgramm_Vegan.png\" data-caption=\"\"><img decoding=\"async\" class=\"alignnone wp-image-13275 size-full\" title=\"Vegan\" src=\"https:\/\/biospa.ee\/vanaveeb2026\/wp-content\/uploads\/2020\/11\/TISSOgramm_Vegan.png\" alt=\"\" width=\"45\" height=\"45\" \/><\/a><a href=\"https:\/\/biospa.ee\/vanaveeb2026\/wp-content\/uploads\/2020\/11\/TISSOgramm_Hypoallergen.png\">\u00a0<\/a><a href=\"https:\/\/biospa.ee\/vanaveeb2026\/wp-content\/uploads\/2020\/11\/TISSOgramm_Natuerliche-Inhaltsstoffe.png\" data-caption=\"\"><img decoding=\"async\" class=\"alignnone wp-image-13278 size-full\" title=\"Looduslikud koostisosad\" src=\"https:\/\/biospa.ee\/vanaveeb2026\/wp-content\/uploads\/2020\/11\/TISSOgramm_Natuerliche-Inhaltsstoffe.png\" alt=\"\" width=\"45\" height=\"45\" \/><\/a><a href=\"https:\/\/biospa.ee\/vanaveeb2026\/wp-content\/uploads\/2020\/11\/TISSOgramm_Hypoallergen.png\">\u00a0<\/a><a href=\"https:\/\/biospa.ee\/vanaveeb2026\/wp-content\/uploads\/2020\/11\/TISSOgramm_Lactosefrei.png\" data-caption=\"\"><img decoding=\"async\" class=\"alignnone wp-image-13281 size-full\" title=\"Laktoosivaba \" src=\"https:\/\/biospa.ee\/vanaveeb2026\/wp-content\/uploads\/2020\/11\/TISSOgramm_Lactosefrei.png\" alt=\"\" width=\"45\" height=\"45\" \/><\/a><a href=\"https:\/\/biospa.ee\/vanaveeb2026\/wp-content\/uploads\/2020\/11\/TISSOgramm_Hypoallergen.png\">\u00a0<\/a><a href=\"https:\/\/biospa.ee\/vanaveeb2026\/wp-content\/uploads\/2020\/11\/TISSOgramm_Hypoallergen.png\" data-caption=\"\"><img decoding=\"async\" class=\"alignnone wp-image-13284 size-full\" title=\"H\u00fcpoallergeenne \" src=\"https:\/\/biospa.ee\/vanaveeb2026\/wp-content\/uploads\/2020\/11\/TISSOgramm_Hypoallergen.png\" alt=\"\" width=\"45\" height=\"45\" \/><\/a><\/p>\n","protected":false},"featured_media":96761,"template":"","meta":[],"product_brand":[],"product_cat":[263],"product_tag":[374,372,373],"class_list":{"0":"post-21158","1":"product","2":"type-product","3":"status-publish","4":"has-post-thumbnail","6":"product_cat-toidulisandid","7":"product_tag-taimne-toode","8":"product_tag-valgud","9":"product_tag-aminohapped","11":"first","12":"instock","13":"taxable","14":"shipping-taxable","15":"purchasable","16":"product-type-simple"},"yoast_head":"<!-- This site is optimized with the Yoast SEO plugin v27.3 - https:\/\/yoast.com\/product\/yoast-seo-wordpress\/ -->\n<title>Pro AMINO SPEZIAL - Loodus BioSpa<\/title>\n<meta name=\"robots\" content=\"index, follow, max-snippet:-1, max-image-preview:large, max-video-preview:-1\" \/>\n<link rel=\"canonical\" href=\"https:\/\/biospa.ee\/vanaveeb2026\/toode\/uus-pro-amino-spezial\/\" \/>\n<meta property=\"og:locale\" content=\"et_EE\" \/>\n<meta property=\"og:type\" content=\"article\" \/>\n<meta property=\"og:title\" content=\"Pro AMINO SPEZIAL - Loodus BioSpa\" \/>\n<meta property=\"og:description\" content=\"T\u00e4isvalk riisist ja hernest:\u00a0\u00a0 Pro Amino Spezial aitab katta suurenenud valguvajadust lihtsal viisil.\u00a0Optimaalselt tasakaalustatud riisi- ja hernevalgu kombinatsioon ei paku mitte ainult erakordselt k\u00f5rget, \u00fcle 80% valgusisaldust, vaid ka t\u00e4isv\u00e4\u00e4rtuslikku valku puhtalt taimsel baasil.   riisi ja herne valk \u2013 ei midagi muud  18 aminohapet sh.\u00a0EAA\/BCAA, valgusisaldus \u00fcle 80%  toetab lihasmassi suurendamist ja s\u00e4ilitamist  ideaalne kokteilide, smuutide, hommikus\u00f6\u00f6gihelveste v\u00f5i k\u00fcpsetamiseks  Kogus: 1000 g  NB! Sobib taimetoitlastele  \u00a0\u00a0\u00a0\u00a0\u00a0\u00a0\u00a0\" \/>\n<meta property=\"og:url\" content=\"https:\/\/biospa.ee\/vanaveeb2026\/toode\/uus-pro-amino-spezial\/\" \/>\n<meta property=\"og:site_name\" content=\"Loodus BioSpa\" \/>\n<meta property=\"article:publisher\" content=\"https:\/\/www.facebook.com\/LoodusBioSpa\/\" \/>\n<meta property=\"article:modified_time\" content=\"2026-03-25T09:40:36+00:00\" \/>\n<meta property=\"og:image\" content=\"https:\/\/biospa.ee\/vanaveeb2026\/wp-content\/uploads\/2022\/07\/TISSO_Naturprodukte_Pro-Amino-Spezial_FS_Icon-1.jpg\" \/>\n\t<meta property=\"og:image:width\" content=\"1080\" \/>\n\t<meta property=\"og:image:height\" content=\"1080\" \/>\n\t<meta property=\"og:image:type\" content=\"image\/jpeg\" \/>\n<meta name=\"twitter:card\" content=\"summary_large_image\" \/>\n<meta name=\"twitter:label1\" content=\"Est. reading time\" \/>\n\t<meta name=\"twitter:data1\" content=\"2 minutit\" \/>\n<script type=\"application\/ld+json\" class=\"yoast-schema-graph\">{\"@context\":\"https:\\\/\\\/schema.org\",\"@graph\":[{\"@type\":\"WebPage\",\"@id\":\"https:\\\/\\\/biospa.ee\\\/vanaveeb2026\\\/toode\\\/uus-pro-amino-spezial\\\/\",\"url\":\"https:\\\/\\\/biospa.ee\\\/vanaveeb2026\\\/toode\\\/uus-pro-amino-spezial\\\/\",\"name\":\"Pro AMINO SPEZIAL - Loodus BioSpa\",\"isPartOf\":{\"@id\":\"https:\\\/\\\/biospa.ee\\\/vanaveeb2026\\\/?lang=ru\\\/#website\"},\"primaryImageOfPage\":{\"@id\":\"https:\\\/\\\/biospa.ee\\\/vanaveeb2026\\\/toode\\\/uus-pro-amino-spezial\\\/#primaryimage\"},\"image\":{\"@id\":\"https:\\\/\\\/biospa.ee\\\/vanaveeb2026\\\/toode\\\/uus-pro-amino-spezial\\\/#primaryimage\"},\"thumbnailUrl\":\"https:\\\/\\\/biospa.ee\\\/vanaveeb2026\\\/wp-content\\\/uploads\\\/2022\\\/07\\\/TISSO_Naturprodukte_Pro-Amino-Spezial_FS_Icon-1.jpg\",\"datePublished\":\"2022-07-22T09:57:06+00:00\",\"dateModified\":\"2026-03-25T09:40:36+00:00\",\"breadcrumb\":{\"@id\":\"https:\\\/\\\/biospa.ee\\\/vanaveeb2026\\\/toode\\\/uus-pro-amino-spezial\\\/#breadcrumb\"},\"inLanguage\":\"et\",\"potentialAction\":[{\"@type\":\"ReadAction\",\"target\":[\"https:\\\/\\\/biospa.ee\\\/vanaveeb2026\\\/toode\\\/uus-pro-amino-spezial\\\/\"]}]},{\"@type\":\"ImageObject\",\"inLanguage\":\"et\",\"@id\":\"https:\\\/\\\/biospa.ee\\\/vanaveeb2026\\\/toode\\\/uus-pro-amino-spezial\\\/#primaryimage\",\"url\":\"https:\\\/\\\/biospa.ee\\\/vanaveeb2026\\\/wp-content\\\/uploads\\\/2022\\\/07\\\/TISSO_Naturprodukte_Pro-Amino-Spezial_FS_Icon-1.jpg\",\"contentUrl\":\"https:\\\/\\\/biospa.ee\\\/vanaveeb2026\\\/wp-content\\\/uploads\\\/2022\\\/07\\\/TISSO_Naturprodukte_Pro-Amino-Spezial_FS_Icon-1.jpg\",\"width\":1080,\"height\":1080},{\"@type\":\"BreadcrumbList\",\"@id\":\"https:\\\/\\\/biospa.ee\\\/vanaveeb2026\\\/toode\\\/uus-pro-amino-spezial\\\/#breadcrumb\",\"itemListElement\":[{\"@type\":\"ListItem\",\"position\":1,\"name\":\"Home\",\"item\":\"https:\\\/\\\/biospa.ee\\\/vanaveeb2026\\\/\"},{\"@type\":\"ListItem\",\"position\":2,\"name\":\"Pood\",\"item\":\"https:\\\/\\\/biospa.ee\\\/vanaveeb2026\\\/pood\\\/\"},{\"@type\":\"ListItem\",\"position\":3,\"name\":\"Pro AMINO SPEZIAL\"}]},{\"@type\":\"WebSite\",\"@id\":\"https:\\\/\\\/biospa.ee\\\/vanaveeb2026\\\/?lang=ru\\\/#website\",\"url\":\"https:\\\/\\\/biospa.ee\\\/vanaveeb2026\\\/?lang=ru\\\/\",\"name\":\"Loodus BioSpa\",\"description\":\"Loodus BioSpa\",\"publisher\":{\"@id\":\"https:\\\/\\\/biospa.ee\\\/vanaveeb2026\\\/?lang=ru\\\/#organization\"},\"potentialAction\":[{\"@type\":\"SearchAction\",\"target\":{\"@type\":\"EntryPoint\",\"urlTemplate\":\"https:\\\/\\\/biospa.ee\\\/vanaveeb2026\\\/?lang=ru\\\/?s={search_term_string}\"},\"query-input\":{\"@type\":\"PropertyValueSpecification\",\"valueRequired\":true,\"valueName\":\"search_term_string\"}}],\"inLanguage\":\"et\"},{\"@type\":\"Organization\",\"@id\":\"https:\\\/\\\/biospa.ee\\\/vanaveeb2026\\\/?lang=ru\\\/#organization\",\"name\":\"Tesmasan O\u00dc\",\"url\":\"https:\\\/\\\/biospa.ee\\\/vanaveeb2026\\\/?lang=ru\\\/\",\"logo\":{\"@type\":\"ImageObject\",\"inLanguage\":\"et\",\"@id\":\"https:\\\/\\\/biospa.ee\\\/vanaveeb2026\\\/?lang=ru\\\/#\\\/schema\\\/logo\\\/image\\\/\",\"url\":\"https:\\\/\\\/biospa.ee\\\/vanaveeb2026\\\/vanaveeb2026\\\/wp-content\\\/uploads\\\/2023\\\/06\\\/BioSpa-loggo-est1-0-143.png\",\"contentUrl\":\"https:\\\/\\\/biospa.ee\\\/vanaveeb2026\\\/vanaveeb2026\\\/wp-content\\\/uploads\\\/2023\\\/06\\\/BioSpa-loggo-est1-0-143.png\",\"width\":143,\"height\":59,\"caption\":\"Tesmasan O\u00dc\"},\"image\":{\"@id\":\"https:\\\/\\\/biospa.ee\\\/vanaveeb2026\\\/?lang=ru\\\/#\\\/schema\\\/logo\\\/image\\\/\"},\"sameAs\":[\"https:\\\/\\\/www.facebook.com\\\/LoodusBioSpa\\\/\",\"https:\\\/\\\/www.instagram.com\\\/loodusbiospa\\\/\"]}]}<\/script>\n<!-- \/ Yoast SEO plugin. -->","yoast_head_json":{"title":"Pro AMINO SPEZIAL - Loodus BioSpa","robots":{"index":"index","follow":"follow","max-snippet":"max-snippet:-1","max-image-preview":"max-image-preview:large","max-video-preview":"max-video-preview:-1"},"canonical":"https:\/\/biospa.ee\/vanaveeb2026\/toode\/uus-pro-amino-spezial\/","og_locale":"et_EE","og_type":"article","og_title":"Pro AMINO SPEZIAL - Loodus BioSpa","og_description":"T\u00e4isvalk riisist ja hernest:\u00a0\u00a0 Pro Amino Spezial aitab katta suurenenud valguvajadust lihtsal viisil.\u00a0Optimaalselt tasakaalustatud riisi- ja hernevalgu kombinatsioon ei paku mitte ainult erakordselt k\u00f5rget, \u00fcle 80% valgusisaldust, vaid ka t\u00e4isv\u00e4\u00e4rtuslikku valku puhtalt taimsel baasil.   riisi ja herne valk \u2013 ei midagi muud  18 aminohapet sh.\u00a0EAA\/BCAA, valgusisaldus \u00fcle 80%  toetab lihasmassi suurendamist ja s\u00e4ilitamist  ideaalne kokteilide, smuutide, hommikus\u00f6\u00f6gihelveste v\u00f5i k\u00fcpsetamiseks  Kogus: 1000 g  NB! Sobib taimetoitlastele  \u00a0\u00a0\u00a0\u00a0\u00a0\u00a0\u00a0","og_url":"https:\/\/biospa.ee\/vanaveeb2026\/toode\/uus-pro-amino-spezial\/","og_site_name":"Loodus BioSpa","article_publisher":"https:\/\/www.facebook.com\/LoodusBioSpa\/","article_modified_time":"2026-03-25T09:40:36+00:00","og_image":[{"width":1080,"height":1080,"url":"https:\/\/biospa.ee\/vanaveeb2026\/wp-content\/uploads\/2022\/07\/TISSO_Naturprodukte_Pro-Amino-Spezial_FS_Icon-1.jpg","type":"image\/jpeg"}],"twitter_card":"summary_large_image","twitter_misc":{"Est. reading time":"2 minutit"},"schema":{"@context":"https:\/\/schema.org","@graph":[{"@type":"WebPage","@id":"https:\/\/biospa.ee\/vanaveeb2026\/toode\/uus-pro-amino-spezial\/","url":"https:\/\/biospa.ee\/vanaveeb2026\/toode\/uus-pro-amino-spezial\/","name":"Pro AMINO SPEZIAL - Loodus BioSpa","isPartOf":{"@id":"https:\/\/biospa.ee\/vanaveeb2026\/?lang=ru\/#website"},"primaryImageOfPage":{"@id":"https:\/\/biospa.ee\/vanaveeb2026\/toode\/uus-pro-amino-spezial\/#primaryimage"},"image":{"@id":"https:\/\/biospa.ee\/vanaveeb2026\/toode\/uus-pro-amino-spezial\/#primaryimage"},"thumbnailUrl":"https:\/\/biospa.ee\/vanaveeb2026\/wp-content\/uploads\/2022\/07\/TISSO_Naturprodukte_Pro-Amino-Spezial_FS_Icon-1.jpg","datePublished":"2022-07-22T09:57:06+00:00","dateModified":"2026-03-25T09:40:36+00:00","breadcrumb":{"@id":"https:\/\/biospa.ee\/vanaveeb2026\/toode\/uus-pro-amino-spezial\/#breadcrumb"},"inLanguage":"et","potentialAction":[{"@type":"ReadAction","target":["https:\/\/biospa.ee\/vanaveeb2026\/toode\/uus-pro-amino-spezial\/"]}]},{"@type":"ImageObject","inLanguage":"et","@id":"https:\/\/biospa.ee\/vanaveeb2026\/toode\/uus-pro-amino-spezial\/#primaryimage","url":"https:\/\/biospa.ee\/vanaveeb2026\/wp-content\/uploads\/2022\/07\/TISSO_Naturprodukte_Pro-Amino-Spezial_FS_Icon-1.jpg","contentUrl":"https:\/\/biospa.ee\/vanaveeb2026\/wp-content\/uploads\/2022\/07\/TISSO_Naturprodukte_Pro-Amino-Spezial_FS_Icon-1.jpg","width":1080,"height":1080},{"@type":"BreadcrumbList","@id":"https:\/\/biospa.ee\/vanaveeb2026\/toode\/uus-pro-amino-spezial\/#breadcrumb","itemListElement":[{"@type":"ListItem","position":1,"name":"Home","item":"https:\/\/biospa.ee\/vanaveeb2026\/"},{"@type":"ListItem","position":2,"name":"Pood","item":"https:\/\/biospa.ee\/vanaveeb2026\/pood\/"},{"@type":"ListItem","position":3,"name":"Pro AMINO SPEZIAL"}]},{"@type":"WebSite","@id":"https:\/\/biospa.ee\/vanaveeb2026\/?lang=ru\/#website","url":"https:\/\/biospa.ee\/vanaveeb2026\/?lang=ru\/","name":"Loodus BioSpa","description":"Loodus BioSpa","publisher":{"@id":"https:\/\/biospa.ee\/vanaveeb2026\/?lang=ru\/#organization"},"potentialAction":[{"@type":"SearchAction","target":{"@type":"EntryPoint","urlTemplate":"https:\/\/biospa.ee\/vanaveeb2026\/?lang=ru\/?s={search_term_string}"},"query-input":{"@type":"PropertyValueSpecification","valueRequired":true,"valueName":"search_term_string"}}],"inLanguage":"et"},{"@type":"Organization","@id":"https:\/\/biospa.ee\/vanaveeb2026\/?lang=ru\/#organization","name":"Tesmasan O\u00dc","url":"https:\/\/biospa.ee\/vanaveeb2026\/?lang=ru\/","logo":{"@type":"ImageObject","inLanguage":"et","@id":"https:\/\/biospa.ee\/vanaveeb2026\/?lang=ru\/#\/schema\/logo\/image\/","url":"https:\/\/biospa.ee\/vanaveeb2026\/vanaveeb2026\/wp-content\/uploads\/2023\/06\/BioSpa-loggo-est1-0-143.png","contentUrl":"https:\/\/biospa.ee\/vanaveeb2026\/vanaveeb2026\/wp-content\/uploads\/2023\/06\/BioSpa-loggo-est1-0-143.png","width":143,"height":59,"caption":"Tesmasan O\u00dc"},"image":{"@id":"https:\/\/biospa.ee\/vanaveeb2026\/?lang=ru\/#\/schema\/logo\/image\/"},"sameAs":["https:\/\/www.facebook.com\/LoodusBioSpa\/","https:\/\/www.instagram.com\/loodusbiospa\/"]}]}},"_links":{"self":[{"href":"https:\/\/biospa.ee\/vanaveeb2026\/wp-json\/wp\/v2\/product\/21158","targetHints":{"allow":["GET"]}}],"collection":[{"href":"https:\/\/biospa.ee\/vanaveeb2026\/wp-json\/wp\/v2\/product"}],"about":[{"href":"https:\/\/biospa.ee\/vanaveeb2026\/wp-json\/wp\/v2\/types\/product"}],"wp:featuredmedia":[{"embeddable":true,"href":"https:\/\/biospa.ee\/vanaveeb2026\/wp-json\/wp\/v2\/media\/96761"}],"wp:attachment":[{"href":"https:\/\/biospa.ee\/vanaveeb2026\/wp-json\/wp\/v2\/media?parent=21158"}],"wp:term":[{"taxonomy":"product_brand","embeddable":true,"href":"https:\/\/biospa.ee\/vanaveeb2026\/wp-json\/wp\/v2\/product_brand?post=21158"},{"taxonomy":"product_cat","embeddable":true,"href":"https:\/\/biospa.ee\/vanaveeb2026\/wp-json\/wp\/v2\/product_cat?post=21158"},{"taxonomy":"product_tag","embeddable":true,"href":"https:\/\/biospa.ee\/vanaveeb2026\/wp-json\/wp\/v2\/product_tag?post=21158"}],"curies":[{"name":"wp","href":"https:\/\/api.w.org\/{rel}","templated":true}]}}