{"id":33431,"date":"2024-10-14T11:51:01","date_gmt":"2024-10-14T08:51:01","guid":{"rendered":"https:\/\/biospa.ee\/vanaveeb2026\/?post_type=product&#038;p=33431"},"modified":"2025-12-17T10:46:08","modified_gmt":"2025-12-17T08:46:08","slug":"mikroelementide-uuring","status":"publish","type":"product","link":"https:\/\/biospa.ee\/vanaveeb2026\/toode\/mikroelementide-uuring\/","title":{"rendered":"Mikroelementide uuring"},"content":{"rendered":"<div class=\"fusion-text fusion-text-1\">\n<p><span style=\"color: #2f5496;\"><span style=\"font-size: large;\"><i>V\u00f5ti oma keha m\u00f5istmiseks <\/i><\/span><\/span><\/p>\n<p>1. Terviklik keha hindamine AMS n\u00e4itab, kuidas keha toimib tervikuna, mitte ainult \u00fcksikute organite ja s\u00fcsteemide kaupa. Erinevalt vereanal\u00fc\u00fcsist, mis annab teavet praeguse seisundi kohta, n\u00e4itab AMS pikaajalisi tasakaalustamatusi ja h\u00e4ireid.<\/p>\n<p>2. Ressursitaseme ja ammendumise hindamine Mikroelementide uuringus n\u00e4itab, kas keha on ammendunud v\u00f5i on tal piisavalt ressursse, et tulla toime stressi ja koormusega.<\/p>\n<p>3. Endokriins\u00fcsteemi toimimise diagnoosimine v\u00f5ib n\u00e4idata, kui h\u00e4sti toimivad kilpn\u00e4\u00e4re ja neerupealised. See v\u00f5imaldab hinnata energia- ja kroonilise stressi taset ning organismi kohanemisreaktsiooni staadiumit sellele stressile.<\/p>\n<p>4<span lang=\"fi-FI\">. <\/span> Energia ainevahetuse kohta saab hinnata, kui t\u00f5husalt organism toodab ja kulutab energiat ning kui kiiresti toimuvad oks\u00fcdatiivsed protsessid.<\/p>\n<p>5. Organismi toksilisuse m\u00e4\u00e4ramine n\u00e4itab raskemetallide (plii, kaadmium, elavh\u00f5be, alumiinium) kuhjumist, mis v\u00f5ib oluliselt halvendada tervislikku seisundit.<\/p>\n<p><span lang=\"ru-RU\">6. Autonoomse n\u00e4rvis\u00fcsteemi hindamine aitab kindlaks teha s\u00fcmpaatilise ja paras\u00fcmpaatilise n\u00e4rvis\u00fcsteemi tasakaalu, mis n\u00e4itab, kuidas keha tuleb toime kroonilise stressiga. <\/span><span lang=\"fi-FI\">Rutiintestid ei saa n\u00e4idata, kui kaua keha on olnud \u201ev\u00f5itlusre\u017eiimil\u201c ja kui ammendatud on selle ressursid. <\/span><\/p>\n<p lang=\"fi-FI\">7. Pikaajalise mineraalainete tasakaalustamatust\u00a0 ei n\u00e4ita mitte ainult praeguseid probleeme, vaid aitab ka v\u00e4lja t\u00f6\u00f6tada plaani mineraalide seisundi pikaajaliseks korrigeerimiseks, mis on eriti oluline nende jaoks, kelle standardtestid ei n\u00e4ita k\u00f5rvalekaldeid, kuid kelle s\u00fcmptomid on j\u00e4\u00e4nud.<\/p>\n<p lang=\"fi-FI\"><span style=\"color: #2f5496;\"><span style=\"font-size: large;\"><i>Kuidas alustada.<\/i><\/span><\/span><\/p>\n<ol>\n<li lang=\"fi-FI\">Telli anal\u00fc\u00fcs meie e-poest ja <strong>m\u00e4\u00e4ra vastuse keel- kas eesti, inglise, vene v\u00f5i soome keel<\/strong>.<\/li>\n<li lang=\"fi-FI\">Vastavalt soovitud keelele saadame k\u00fcsimustiku, mis tuleb t\u00e4idetult saata tagasi biokliinik@biospa.ee<\/li>\n<li lang=\"fi-FI\">Saadame Teile juukseproovi jaoks \u00fcmbriku ning juhendi proovi v\u00f5tmiseks. <strong>NB!Juuksed ei tohi olla v\u00e4rvitud v\u00e4hemalt kaks n\u00e4dalat enne proovi andmist.\u00a0Kahe p\u00e4eva jooksul enne anal\u00fc\u00fcsi andmist ei ole soovitatav kasutada juustesse j\u00e4etavaid hooldusvahendeid.<br \/>\n<\/strong><\/li>\n<li lang=\"fi-FI\">Saada juuksed tagasi Biokliinikusse. Siit saadame proovid Soome, kust edasi saadetakse Ameerika \u00dchendriikide laborisse.<\/li>\n<li lang=\"fi-FI\">Vastused koos kokkuv\u00f5ttega tulevad umbes \u00fche kuu p\u00e4rast<\/li>\n<\/ol>\n<p lang=\"fi-FI\">Mineraalide seisundi anal\u00fc\u00fcs on midagi enamat kui lihtsalt test. See on v\u00f5ti oma keha s\u00fcgavale m\u00f5istmisele.<\/p>\n<p lang=\"fi-FI\">See on ainulaadne h\u00e4\u00e4lestus oma keha \u201eh\u00e4\u00e4lestamiseks\u201c optimaalsele t\u00f6\u00f6re\u017eiimile, et puhastada ja suurendada oma keha ja aju kohanemisv\u00f5imet!<\/p>\n<p lang=\"fi-FI\">NB! EI SISALDA ARSTI KONSULTATSIOONI. Konsultatsiooni dr. N.Trofimovaga saab juurde osta.<\/p>\n<\/div>\n<div class=\"fusion-text fusion-text-2\"><\/div>\n","protected":false},"excerpt":{"rendered":"<p><span style=\"color: #2f5496;\"><span style=\"font-size: large;\"><i>Mineraalide seisundi anal\u00fc\u00fcs (MSA) <\/i><\/span><\/span><\/p>\n<p>Kas olete kunagi m\u00f5elnud, miks vaatamata \u00f5igele toitumisele ja regulaarsele treeningule tunnete end ikkagi v\u00e4sinud?<\/p>\n<p>V\u00f5i miks m\u00f5ned inimesed tunduvad olevat alati t\u00e4is energiat?<\/p>\n<p>Vastus v\u00f5ib peituda teie keha mineraalide tasakaalus!<\/p>\n<p>Mineraalained m\u00e4ngivad v\u00f5tmerolli peaaegu k\u00f5igis meie keha protsessides. Nad osalevad energiatootmises, immuunsuse s\u00e4ilitamises, hormonaalse tasakaalu reguleerimises, naha, juuste, luude ja hammaste, siseorganite ja isegi meie emotsionaalsete reaktsioonide tagamises.<\/p>\n<p>Paljud inimesed teavad vitamiinide t\u00e4htsust, kuid v\u00e4hesed m\u00f5tlevad mineraalide m\u00f5jule meie rakkudele ja kehale tervikuna. M\u00fcrgiste raskemetallide olemasolu v\u00f5i oluliste mineraalide (magneesium, tsink, seleen) puudus v\u00f5ib p\u00f5hjustada t\u00f5siseid tagaj\u00e4rgi tervisele.<\/p>\n<p><span style=\"color: #2f5496;\"><span style=\"font-size: large;\"><i>Mis on AMS? <\/i><\/span><\/span><\/p>\n<p>AMS on uuenduslik diagnostikameetod, mis anal\u00fc\u00fcsib \u00fcle 20 mineraali sisaldust teie organismis. Erinevalt tavalisest vereanal\u00fc\u00fcsist, mis annab meile hetkeseisu teie keha seisundist, annab AMS pikaajalise pildi 3-4 kuu jooksul!<\/p>\n<p>See test tuvastab pikaajalised mineraalainete ainevahetuse h\u00e4ired, hindab keha toksilist koormust ja aitab kohandada toitumist, elustiili ja ravi, et parandada teie tervist.<\/p>\n<p>Anal\u00fc\u00fcs p\u00f5hineb induktiivselt \u00fchendatud massispektroskoopial (ICP-MS), mille abil anal\u00fc\u00fcsitakse juuste molekulaarset koostist, mis on pidevalt uuenev keha kude, mis kasvufaasis (3-4 kuud) kogub mineraalaineid.<\/p>\n<p>Spetsiaalselt kogutud teelusikat\u00e4is teie juustest v\u00f5ib teile palju r\u00e4\u00e4kida teie keha seisundist, olemasolevatest v\u00f5i eelseisvatest probleemidest.<\/p>\n","protected":false},"featured_media":33437,"template":"","meta":[],"product_brand":[],"product_cat":[295],"product_tag":[],"class_list":{"0":"post-33431","1":"product","2":"type-product","3":"status-publish","4":"has-post-thumbnail","6":"product_cat-testid-uuringud","8":"first","9":"instock","10":"purchasable","11":"product-type-simple"},"yoast_head":"<!-- This site is optimized with the Yoast SEO plugin v27.3 - https:\/\/yoast.com\/product\/yoast-seo-wordpress\/ -->\n<title>Mikroelementide uuring - Loodus BioSpa<\/title>\n<meta name=\"robots\" content=\"index, follow, max-snippet:-1, max-image-preview:large, max-video-preview:-1\" \/>\n<link rel=\"canonical\" href=\"https:\/\/biospa.ee\/vanaveeb2026\/toode\/mikroelementide-uuring\/\" \/>\n<meta property=\"og:locale\" content=\"et_EE\" \/>\n<meta property=\"og:type\" content=\"article\" \/>\n<meta property=\"og:title\" content=\"Mikroelementide uuring - Loodus BioSpa\" \/>\n<meta property=\"og:description\" content=\"Mineraalide seisundi anal\u00fc\u00fcs (MSA)   Kas olete kunagi m\u00f5elnud, miks vaatamata \u00f5igele toitumisele ja regulaarsele treeningule tunnete end ikkagi v\u00e4sinud?  V\u00f5i miks m\u00f5ned inimesed tunduvad olevat alati t\u00e4is energiat?  Vastus v\u00f5ib peituda teie keha mineraalide tasakaalus!  Mineraalained m\u00e4ngivad v\u00f5tmerolli peaaegu k\u00f5igis meie keha protsessides. Nad osalevad energiatootmises, immuunsuse s\u00e4ilitamises, hormonaalse tasakaalu reguleerimises, naha, juuste, luude ja hammaste, siseorganite ja isegi meie emotsionaalsete reaktsioonide tagamises.  Paljud inimesed teavad vitamiinide t\u00e4htsust, kuid v\u00e4hesed m\u00f5tlevad mineraalide m\u00f5jule meie rakkudele ja kehale tervikuna. M\u00fcrgiste raskemetallide olemasolu v\u00f5i oluliste mineraalide (magneesium, tsink, seleen) puudus v\u00f5ib p\u00f5hjustada t\u00f5siseid tagaj\u00e4rgi tervisele.  Mis on AMS?   AMS on uuenduslik diagnostikameetod, mis anal\u00fc\u00fcsib \u00fcle 20 mineraali sisaldust teie organismis. Erinevalt tavalisest vereanal\u00fc\u00fcsist, mis annab meile hetkeseisu teie keha seisundist, annab AMS pikaajalise pildi 3-4 kuu jooksul!  See test tuvastab pikaajalised mineraalainete ainevahetuse h\u00e4ired, hindab keha toksilist koormust ja aitab kohandada toitumist, elustiili ja ravi, et parandada teie tervist.  Anal\u00fc\u00fcs p\u00f5hineb induktiivselt \u00fchendatud massispektroskoopial (ICP-MS), mille abil anal\u00fc\u00fcsitakse juuste molekulaarset koostist, mis on pidevalt uuenev keha kude, mis kasvufaasis (3-4 kuud) kogub mineraalaineid.  Spetsiaalselt kogutud teelusikat\u00e4is teie juustest v\u00f5ib teile palju r\u00e4\u00e4kida teie keha seisundist, olemasolevatest v\u00f5i eelseisvatest probleemidest.\" \/>\n<meta property=\"og:url\" content=\"https:\/\/biospa.ee\/vanaveeb2026\/toode\/mikroelementide-uuring\/\" \/>\n<meta property=\"og:site_name\" content=\"Loodus BioSpa\" \/>\n<meta property=\"article:publisher\" content=\"https:\/\/www.facebook.com\/LoodusBioSpa\/\" \/>\n<meta property=\"article:modified_time\" content=\"2025-12-17T08:46:08+00:00\" \/>\n<meta property=\"og:image\" content=\"https:\/\/biospa.ee\/vanaveeb2026\/wp-content\/uploads\/2024\/10\/E-POOD-TOOTED-3-1.jpg\" \/>\n\t<meta property=\"og:image:width\" content=\"1080\" \/>\n\t<meta property=\"og:image:height\" content=\"1080\" \/>\n\t<meta property=\"og:image:type\" content=\"image\/jpeg\" \/>\n<meta name=\"twitter:card\" content=\"summary_large_image\" \/>\n<meta name=\"twitter:label1\" content=\"Est. reading time\" \/>\n\t<meta name=\"twitter:data1\" content=\"2 minutit\" \/>\n<script type=\"application\/ld+json\" class=\"yoast-schema-graph\">{\"@context\":\"https:\\\/\\\/schema.org\",\"@graph\":[{\"@type\":\"WebPage\",\"@id\":\"https:\\\/\\\/biospa.ee\\\/vanaveeb2026\\\/toode\\\/mikroelementide-uuring\\\/\",\"url\":\"https:\\\/\\\/biospa.ee\\\/vanaveeb2026\\\/toode\\\/mikroelementide-uuring\\\/\",\"name\":\"Mikroelementide uuring - Loodus BioSpa\",\"isPartOf\":{\"@id\":\"https:\\\/\\\/biospa.ee\\\/vanaveeb2026\\\/?lang=ru\\\/#website\"},\"primaryImageOfPage\":{\"@id\":\"https:\\\/\\\/biospa.ee\\\/vanaveeb2026\\\/toode\\\/mikroelementide-uuring\\\/#primaryimage\"},\"image\":{\"@id\":\"https:\\\/\\\/biospa.ee\\\/vanaveeb2026\\\/toode\\\/mikroelementide-uuring\\\/#primaryimage\"},\"thumbnailUrl\":\"https:\\\/\\\/biospa.ee\\\/vanaveeb2026\\\/wp-content\\\/uploads\\\/2024\\\/10\\\/E-POOD-TOOTED-3-1.jpg\",\"datePublished\":\"2024-10-14T08:51:01+00:00\",\"dateModified\":\"2025-12-17T08:46:08+00:00\",\"breadcrumb\":{\"@id\":\"https:\\\/\\\/biospa.ee\\\/vanaveeb2026\\\/toode\\\/mikroelementide-uuring\\\/#breadcrumb\"},\"inLanguage\":\"et\",\"potentialAction\":[{\"@type\":\"ReadAction\",\"target\":[\"https:\\\/\\\/biospa.ee\\\/vanaveeb2026\\\/toode\\\/mikroelementide-uuring\\\/\"]}]},{\"@type\":\"ImageObject\",\"inLanguage\":\"et\",\"@id\":\"https:\\\/\\\/biospa.ee\\\/vanaveeb2026\\\/toode\\\/mikroelementide-uuring\\\/#primaryimage\",\"url\":\"https:\\\/\\\/biospa.ee\\\/vanaveeb2026\\\/wp-content\\\/uploads\\\/2024\\\/10\\\/E-POOD-TOOTED-3-1.jpg\",\"contentUrl\":\"https:\\\/\\\/biospa.ee\\\/vanaveeb2026\\\/wp-content\\\/uploads\\\/2024\\\/10\\\/E-POOD-TOOTED-3-1.jpg\",\"width\":1080,\"height\":1080},{\"@type\":\"BreadcrumbList\",\"@id\":\"https:\\\/\\\/biospa.ee\\\/vanaveeb2026\\\/toode\\\/mikroelementide-uuring\\\/#breadcrumb\",\"itemListElement\":[{\"@type\":\"ListItem\",\"position\":1,\"name\":\"Home\",\"item\":\"https:\\\/\\\/biospa.ee\\\/vanaveeb2026\\\/\"},{\"@type\":\"ListItem\",\"position\":2,\"name\":\"Pood\",\"item\":\"https:\\\/\\\/biospa.ee\\\/vanaveeb2026\\\/pood\\\/\"},{\"@type\":\"ListItem\",\"position\":3,\"name\":\"Mikroelementide uuring\"}]},{\"@type\":\"WebSite\",\"@id\":\"https:\\\/\\\/biospa.ee\\\/vanaveeb2026\\\/?lang=ru\\\/#website\",\"url\":\"https:\\\/\\\/biospa.ee\\\/vanaveeb2026\\\/?lang=ru\\\/\",\"name\":\"Loodus BioSpa\",\"description\":\"Loodus BioSpa\",\"publisher\":{\"@id\":\"https:\\\/\\\/biospa.ee\\\/vanaveeb2026\\\/?lang=ru\\\/#organization\"},\"potentialAction\":[{\"@type\":\"SearchAction\",\"target\":{\"@type\":\"EntryPoint\",\"urlTemplate\":\"https:\\\/\\\/biospa.ee\\\/vanaveeb2026\\\/?lang=ru\\\/?s={search_term_string}\"},\"query-input\":{\"@type\":\"PropertyValueSpecification\",\"valueRequired\":true,\"valueName\":\"search_term_string\"}}],\"inLanguage\":\"et\"},{\"@type\":\"Organization\",\"@id\":\"https:\\\/\\\/biospa.ee\\\/vanaveeb2026\\\/?lang=ru\\\/#organization\",\"name\":\"Tesmasan O\u00dc\",\"url\":\"https:\\\/\\\/biospa.ee\\\/vanaveeb2026\\\/?lang=ru\\\/\",\"logo\":{\"@type\":\"ImageObject\",\"inLanguage\":\"et\",\"@id\":\"https:\\\/\\\/biospa.ee\\\/vanaveeb2026\\\/?lang=ru\\\/#\\\/schema\\\/logo\\\/image\\\/\",\"url\":\"https:\\\/\\\/biospa.ee\\\/vanaveeb2026\\\/vanaveeb2026\\\/wp-content\\\/uploads\\\/2023\\\/06\\\/BioSpa-loggo-est1-0-143.png\",\"contentUrl\":\"https:\\\/\\\/biospa.ee\\\/vanaveeb2026\\\/vanaveeb2026\\\/wp-content\\\/uploads\\\/2023\\\/06\\\/BioSpa-loggo-est1-0-143.png\",\"width\":143,\"height\":59,\"caption\":\"Tesmasan O\u00dc\"},\"image\":{\"@id\":\"https:\\\/\\\/biospa.ee\\\/vanaveeb2026\\\/?lang=ru\\\/#\\\/schema\\\/logo\\\/image\\\/\"},\"sameAs\":[\"https:\\\/\\\/www.facebook.com\\\/LoodusBioSpa\\\/\",\"https:\\\/\\\/www.instagram.com\\\/loodusbiospa\\\/\"]}]}<\/script>\n<!-- \/ Yoast SEO plugin. -->","yoast_head_json":{"title":"Mikroelementide uuring - Loodus BioSpa","robots":{"index":"index","follow":"follow","max-snippet":"max-snippet:-1","max-image-preview":"max-image-preview:large","max-video-preview":"max-video-preview:-1"},"canonical":"https:\/\/biospa.ee\/vanaveeb2026\/toode\/mikroelementide-uuring\/","og_locale":"et_EE","og_type":"article","og_title":"Mikroelementide uuring - Loodus BioSpa","og_description":"Mineraalide seisundi anal\u00fc\u00fcs (MSA)   Kas olete kunagi m\u00f5elnud, miks vaatamata \u00f5igele toitumisele ja regulaarsele treeningule tunnete end ikkagi v\u00e4sinud?  V\u00f5i miks m\u00f5ned inimesed tunduvad olevat alati t\u00e4is energiat?  Vastus v\u00f5ib peituda teie keha mineraalide tasakaalus!  Mineraalained m\u00e4ngivad v\u00f5tmerolli peaaegu k\u00f5igis meie keha protsessides. Nad osalevad energiatootmises, immuunsuse s\u00e4ilitamises, hormonaalse tasakaalu reguleerimises, naha, juuste, luude ja hammaste, siseorganite ja isegi meie emotsionaalsete reaktsioonide tagamises.  Paljud inimesed teavad vitamiinide t\u00e4htsust, kuid v\u00e4hesed m\u00f5tlevad mineraalide m\u00f5jule meie rakkudele ja kehale tervikuna. M\u00fcrgiste raskemetallide olemasolu v\u00f5i oluliste mineraalide (magneesium, tsink, seleen) puudus v\u00f5ib p\u00f5hjustada t\u00f5siseid tagaj\u00e4rgi tervisele.  Mis on AMS?   AMS on uuenduslik diagnostikameetod, mis anal\u00fc\u00fcsib \u00fcle 20 mineraali sisaldust teie organismis. Erinevalt tavalisest vereanal\u00fc\u00fcsist, mis annab meile hetkeseisu teie keha seisundist, annab AMS pikaajalise pildi 3-4 kuu jooksul!  See test tuvastab pikaajalised mineraalainete ainevahetuse h\u00e4ired, hindab keha toksilist koormust ja aitab kohandada toitumist, elustiili ja ravi, et parandada teie tervist.  Anal\u00fc\u00fcs p\u00f5hineb induktiivselt \u00fchendatud massispektroskoopial (ICP-MS), mille abil anal\u00fc\u00fcsitakse juuste molekulaarset koostist, mis on pidevalt uuenev keha kude, mis kasvufaasis (3-4 kuud) kogub mineraalaineid.  Spetsiaalselt kogutud teelusikat\u00e4is teie juustest v\u00f5ib teile palju r\u00e4\u00e4kida teie keha seisundist, olemasolevatest v\u00f5i eelseisvatest probleemidest.","og_url":"https:\/\/biospa.ee\/vanaveeb2026\/toode\/mikroelementide-uuring\/","og_site_name":"Loodus BioSpa","article_publisher":"https:\/\/www.facebook.com\/LoodusBioSpa\/","article_modified_time":"2025-12-17T08:46:08+00:00","og_image":[{"width":1080,"height":1080,"url":"https:\/\/biospa.ee\/vanaveeb2026\/wp-content\/uploads\/2024\/10\/E-POOD-TOOTED-3-1.jpg","type":"image\/jpeg"}],"twitter_card":"summary_large_image","twitter_misc":{"Est. reading time":"2 minutit"},"schema":{"@context":"https:\/\/schema.org","@graph":[{"@type":"WebPage","@id":"https:\/\/biospa.ee\/vanaveeb2026\/toode\/mikroelementide-uuring\/","url":"https:\/\/biospa.ee\/vanaveeb2026\/toode\/mikroelementide-uuring\/","name":"Mikroelementide uuring - Loodus BioSpa","isPartOf":{"@id":"https:\/\/biospa.ee\/vanaveeb2026\/?lang=ru\/#website"},"primaryImageOfPage":{"@id":"https:\/\/biospa.ee\/vanaveeb2026\/toode\/mikroelementide-uuring\/#primaryimage"},"image":{"@id":"https:\/\/biospa.ee\/vanaveeb2026\/toode\/mikroelementide-uuring\/#primaryimage"},"thumbnailUrl":"https:\/\/biospa.ee\/vanaveeb2026\/wp-content\/uploads\/2024\/10\/E-POOD-TOOTED-3-1.jpg","datePublished":"2024-10-14T08:51:01+00:00","dateModified":"2025-12-17T08:46:08+00:00","breadcrumb":{"@id":"https:\/\/biospa.ee\/vanaveeb2026\/toode\/mikroelementide-uuring\/#breadcrumb"},"inLanguage":"et","potentialAction":[{"@type":"ReadAction","target":["https:\/\/biospa.ee\/vanaveeb2026\/toode\/mikroelementide-uuring\/"]}]},{"@type":"ImageObject","inLanguage":"et","@id":"https:\/\/biospa.ee\/vanaveeb2026\/toode\/mikroelementide-uuring\/#primaryimage","url":"https:\/\/biospa.ee\/vanaveeb2026\/wp-content\/uploads\/2024\/10\/E-POOD-TOOTED-3-1.jpg","contentUrl":"https:\/\/biospa.ee\/vanaveeb2026\/wp-content\/uploads\/2024\/10\/E-POOD-TOOTED-3-1.jpg","width":1080,"height":1080},{"@type":"BreadcrumbList","@id":"https:\/\/biospa.ee\/vanaveeb2026\/toode\/mikroelementide-uuring\/#breadcrumb","itemListElement":[{"@type":"ListItem","position":1,"name":"Home","item":"https:\/\/biospa.ee\/vanaveeb2026\/"},{"@type":"ListItem","position":2,"name":"Pood","item":"https:\/\/biospa.ee\/vanaveeb2026\/pood\/"},{"@type":"ListItem","position":3,"name":"Mikroelementide uuring"}]},{"@type":"WebSite","@id":"https:\/\/biospa.ee\/vanaveeb2026\/?lang=ru\/#website","url":"https:\/\/biospa.ee\/vanaveeb2026\/?lang=ru\/","name":"Loodus BioSpa","description":"Loodus BioSpa","publisher":{"@id":"https:\/\/biospa.ee\/vanaveeb2026\/?lang=ru\/#organization"},"potentialAction":[{"@type":"SearchAction","target":{"@type":"EntryPoint","urlTemplate":"https:\/\/biospa.ee\/vanaveeb2026\/?lang=ru\/?s={search_term_string}"},"query-input":{"@type":"PropertyValueSpecification","valueRequired":true,"valueName":"search_term_string"}}],"inLanguage":"et"},{"@type":"Organization","@id":"https:\/\/biospa.ee\/vanaveeb2026\/?lang=ru\/#organization","name":"Tesmasan O\u00dc","url":"https:\/\/biospa.ee\/vanaveeb2026\/?lang=ru\/","logo":{"@type":"ImageObject","inLanguage":"et","@id":"https:\/\/biospa.ee\/vanaveeb2026\/?lang=ru\/#\/schema\/logo\/image\/","url":"https:\/\/biospa.ee\/vanaveeb2026\/vanaveeb2026\/wp-content\/uploads\/2023\/06\/BioSpa-loggo-est1-0-143.png","contentUrl":"https:\/\/biospa.ee\/vanaveeb2026\/vanaveeb2026\/wp-content\/uploads\/2023\/06\/BioSpa-loggo-est1-0-143.png","width":143,"height":59,"caption":"Tesmasan O\u00dc"},"image":{"@id":"https:\/\/biospa.ee\/vanaveeb2026\/?lang=ru\/#\/schema\/logo\/image\/"},"sameAs":["https:\/\/www.facebook.com\/LoodusBioSpa\/","https:\/\/www.instagram.com\/loodusbiospa\/"]}]}},"_links":{"self":[{"href":"https:\/\/biospa.ee\/vanaveeb2026\/wp-json\/wp\/v2\/product\/33431","targetHints":{"allow":["GET"]}}],"collection":[{"href":"https:\/\/biospa.ee\/vanaveeb2026\/wp-json\/wp\/v2\/product"}],"about":[{"href":"https:\/\/biospa.ee\/vanaveeb2026\/wp-json\/wp\/v2\/types\/product"}],"wp:featuredmedia":[{"embeddable":true,"href":"https:\/\/biospa.ee\/vanaveeb2026\/wp-json\/wp\/v2\/media\/33437"}],"wp:attachment":[{"href":"https:\/\/biospa.ee\/vanaveeb2026\/wp-json\/wp\/v2\/media?parent=33431"}],"wp:term":[{"taxonomy":"product_brand","embeddable":true,"href":"https:\/\/biospa.ee\/vanaveeb2026\/wp-json\/wp\/v2\/product_brand?post=33431"},{"taxonomy":"product_cat","embeddable":true,"href":"https:\/\/biospa.ee\/vanaveeb2026\/wp-json\/wp\/v2\/product_cat?post=33431"},{"taxonomy":"product_tag","embeddable":true,"href":"https:\/\/biospa.ee\/vanaveeb2026\/wp-json\/wp\/v2\/product_tag?post=33431"}],"curies":[{"name":"wp","href":"https:\/\/api.w.org\/{rel}","templated":true}]}}