{"id":94096,"date":"2025-07-22T16:07:58","date_gmt":"2025-07-22T13:07:58","guid":{"rendered":"https:\/\/biospa.ee\/vanaveeb2026\/?post_type=product&#038;p=94096"},"modified":"2026-03-31T15:47:44","modified_gmt":"2026-03-31T12:47:44","slug":"vitalbase-plus-300-g","status":"publish","type":"product","link":"https:\/\/biospa.ee\/vanaveeb2026\/toode\/vitalbase-plus-300-g\/","title":{"rendered":"Vitalbase Plus  300 g"},"content":{"rendered":"<p style=\"text-align: left;\">Miks on oluline tarbida <strong>kaltsiumi, kaaliumi, magneesiumi ja naatriumi<\/strong>?<\/p>\n<p style=\"text-align: left;\">Need neli mineraali on elut\u00e4htsad elektrol\u00fc\u00fcdid, mis m\u00e4ngivad olulist rolli organismi normaalses toimimises. Tasakaalustamata tasemed v\u00f5ivad m\u00f5jutada nii f\u00fc\u00fcsilist kui ka vaimset heaolu.<\/p>\n<p style=\"text-align: left;\">* <strong>Kaltsium<\/strong><\/p>\n<p style=\"text-align: left;\">Aitab kaasa <strong>luude ja hammaste normaalsele arengule ja tugevusele<\/strong><\/p>\n<p style=\"text-align: left;\">Vajalik <strong>lihaskontraktsiooniks<\/strong> ja n\u00e4rviimpulsside edastamiseks<\/p>\n<p style=\"text-align: left;\">Osaleb vere h\u00fc\u00fcbimises ja ens\u00fc\u00fcmide t\u00f6\u00f6s<\/p>\n<p style=\"text-align: left;\">* <strong>Kaalium<\/strong><\/p>\n<p style=\"text-align: left;\">Toetab <strong>s\u00fcdame ja lihaste normaalset talitlust<\/strong><\/p>\n<p style=\"text-align: left;\">Reguleerib <strong>verer\u00f5hku ja vee tasakaalu<\/strong> kehas<\/p>\n<p style=\"text-align: left;\">Aitab s\u00e4ilitada normaalset n\u00e4rvitalitlust<\/p>\n<p style=\"text-align: left;\">* <strong>Magneesium<\/strong><\/p>\n<p style=\"text-align: left;\">Aitab v\u00e4hendada <strong>v\u00e4simust ja kurnatust<\/strong><\/p>\n<p style=\"text-align: left;\">Toetab <strong>lihaste ja n\u00e4rvis\u00fcsteemi<\/strong> normaalset funktsioneerimist<\/p>\n<p style=\"text-align: left;\">Osaleb rohkem kui 300 ainevahetusprotsessis, sealhulgas energia tootmises<\/p>\n<p style=\"text-align: left;\">* <strong>Naatrium<\/strong><\/p>\n<p style=\"text-align: left;\">Hoiab kehas vee ja elektrol\u00fc\u00fctide <strong>tasakaalu<\/strong><\/p>\n<p style=\"text-align: left;\">Vajalik <strong>verer\u00f5hu reguleerimiseks<\/strong><\/p>\n<p style=\"text-align: left;\">Toetab lihaste ja n\u00e4rvirakkude t\u00f6\u00f6d<\/p>\n<hr \/>\n<p style=\"text-align: left;\"><strong>Need mineraalid t\u00f6\u00f6tavad kehas koos<\/strong> \u2013 tasakaal nende vahel on v\u00f5tmet\u00e4htsusega!<br \/>\nKui toitumine ei taga piisavat kogust, on kvaliteetsed toidulisandid suurep\u00e4rane tugi igap\u00e4evaseks heaoluks.<\/p>\n<p style=\"text-align: left;\"><em>Vaata meie valikut ja leia enda vajadustele vastav mineraalide kompleks!<\/em><\/p>\n","protected":false},"excerpt":{"rendered":"<p>Dr. Stossieri j\u00e4rgi valmistatud aluseline segu. Energiaga rikastatud erilise tootmisprotsessi<br \/>\nk\u00e4igus.<br \/>\nEnergeetiliselt laetud aluseline segu magneesiumiga sportlastele ja inimestele, kellel on suur<br \/>\nmagneesiumivajadus. Energeetiliselt laetud vitaal- ja mineraalained aitavad neutraliseerida<br \/>\nainevahetuse k\u00e4igus tekkivaid happeid.<\/p>\n","protected":false},"featured_media":97359,"template":"","meta":[],"product_brand":[],"product_cat":[423,412,263],"product_tag":[324],"class_list":{"0":"post-94096","1":"product","2":"type-product","3":"status-publish","4":"has-post-thumbnail","6":"product_cat-uudis","7":"product_cat-uudis-uudis","8":"product_cat-toidulisandid","9":"product_tag-antioksudant","11":"first","12":"instock","13":"taxable","14":"shipping-taxable","15":"purchasable","16":"product-type-simple"},"yoast_head":"<!-- This site is optimized with the Yoast SEO plugin v27.3 - https:\/\/yoast.com\/product\/yoast-seo-wordpress\/ -->\n<title>Vitalbase Plus 300 g - Loodus BioSpa<\/title>\n<meta name=\"robots\" content=\"index, follow, max-snippet:-1, max-image-preview:large, max-video-preview:-1\" \/>\n<link rel=\"canonical\" href=\"https:\/\/biospa.ee\/vanaveeb2026\/toode\/vitalbase-plus-300-g\/\" \/>\n<meta property=\"og:locale\" content=\"et_EE\" \/>\n<meta property=\"og:type\" content=\"article\" \/>\n<meta property=\"og:title\" content=\"Vitalbase Plus 300 g - Loodus BioSpa\" \/>\n<meta property=\"og:description\" content=\"Dr. Stossieri j\u00e4rgi valmistatud aluseline segu. Energiaga rikastatud erilise tootmisprotsessi k\u00e4igus. Energeetiliselt laetud aluseline segu magneesiumiga sportlastele ja inimestele, kellel on suur magneesiumivajadus. Energeetiliselt laetud vitaal- ja mineraalained aitavad neutraliseerida ainevahetuse k\u00e4igus tekkivaid happeid.\" \/>\n<meta property=\"og:url\" content=\"https:\/\/biospa.ee\/vanaveeb2026\/toode\/vitalbase-plus-300-g\/\" \/>\n<meta property=\"og:site_name\" content=\"Loodus BioSpa\" \/>\n<meta property=\"article:publisher\" content=\"https:\/\/www.facebook.com\/LoodusBioSpa\/\" \/>\n<meta property=\"article:modified_time\" content=\"2026-03-31T12:47:44+00:00\" \/>\n<meta property=\"og:image\" content=\"https:\/\/biospa.ee\/vanaveeb2026\/wp-content\/uploads\/2025\/07\/E-POOD-TOOTED-6-1.jpg\" \/>\n\t<meta property=\"og:image:width\" content=\"1080\" \/>\n\t<meta property=\"og:image:height\" content=\"1080\" \/>\n\t<meta property=\"og:image:type\" content=\"image\/jpeg\" \/>\n<meta name=\"twitter:card\" content=\"summary_large_image\" \/>\n<meta name=\"twitter:label1\" content=\"Est. reading time\" \/>\n\t<meta name=\"twitter:data1\" content=\"1 minut\" \/>\n<script type=\"application\/ld+json\" class=\"yoast-schema-graph\">{\"@context\":\"https:\\\/\\\/schema.org\",\"@graph\":[{\"@type\":\"WebPage\",\"@id\":\"https:\\\/\\\/biospa.ee\\\/vanaveeb2026\\\/toode\\\/vitalbase-plus-300-g\\\/\",\"url\":\"https:\\\/\\\/biospa.ee\\\/vanaveeb2026\\\/toode\\\/vitalbase-plus-300-g\\\/\",\"name\":\"Vitalbase Plus 300 g - Loodus BioSpa\",\"isPartOf\":{\"@id\":\"https:\\\/\\\/biospa.ee\\\/vanaveeb2026\\\/?lang=ru\\\/#website\"},\"primaryImageOfPage\":{\"@id\":\"https:\\\/\\\/biospa.ee\\\/vanaveeb2026\\\/toode\\\/vitalbase-plus-300-g\\\/#primaryimage\"},\"image\":{\"@id\":\"https:\\\/\\\/biospa.ee\\\/vanaveeb2026\\\/toode\\\/vitalbase-plus-300-g\\\/#primaryimage\"},\"thumbnailUrl\":\"https:\\\/\\\/biospa.ee\\\/vanaveeb2026\\\/wp-content\\\/uploads\\\/2025\\\/07\\\/E-POOD-TOOTED-6-1.jpg\",\"datePublished\":\"2025-07-22T13:07:58+00:00\",\"dateModified\":\"2026-03-31T12:47:44+00:00\",\"breadcrumb\":{\"@id\":\"https:\\\/\\\/biospa.ee\\\/vanaveeb2026\\\/toode\\\/vitalbase-plus-300-g\\\/#breadcrumb\"},\"inLanguage\":\"et\",\"potentialAction\":[{\"@type\":\"ReadAction\",\"target\":[\"https:\\\/\\\/biospa.ee\\\/vanaveeb2026\\\/toode\\\/vitalbase-plus-300-g\\\/\"]}]},{\"@type\":\"ImageObject\",\"inLanguage\":\"et\",\"@id\":\"https:\\\/\\\/biospa.ee\\\/vanaveeb2026\\\/toode\\\/vitalbase-plus-300-g\\\/#primaryimage\",\"url\":\"https:\\\/\\\/biospa.ee\\\/vanaveeb2026\\\/wp-content\\\/uploads\\\/2025\\\/07\\\/E-POOD-TOOTED-6-1.jpg\",\"contentUrl\":\"https:\\\/\\\/biospa.ee\\\/vanaveeb2026\\\/wp-content\\\/uploads\\\/2025\\\/07\\\/E-POOD-TOOTED-6-1.jpg\",\"width\":1080,\"height\":1080},{\"@type\":\"BreadcrumbList\",\"@id\":\"https:\\\/\\\/biospa.ee\\\/vanaveeb2026\\\/toode\\\/vitalbase-plus-300-g\\\/#breadcrumb\",\"itemListElement\":[{\"@type\":\"ListItem\",\"position\":1,\"name\":\"Home\",\"item\":\"https:\\\/\\\/biospa.ee\\\/vanaveeb2026\\\/\"},{\"@type\":\"ListItem\",\"position\":2,\"name\":\"Pood\",\"item\":\"https:\\\/\\\/biospa.ee\\\/vanaveeb2026\\\/pood\\\/\"},{\"@type\":\"ListItem\",\"position\":3,\"name\":\"Vitalbase Plus 300 g\"}]},{\"@type\":\"WebSite\",\"@id\":\"https:\\\/\\\/biospa.ee\\\/vanaveeb2026\\\/?lang=ru\\\/#website\",\"url\":\"https:\\\/\\\/biospa.ee\\\/vanaveeb2026\\\/?lang=ru\\\/\",\"name\":\"Loodus BioSpa\",\"description\":\"Loodus BioSpa\",\"publisher\":{\"@id\":\"https:\\\/\\\/biospa.ee\\\/vanaveeb2026\\\/?lang=ru\\\/#organization\"},\"potentialAction\":[{\"@type\":\"SearchAction\",\"target\":{\"@type\":\"EntryPoint\",\"urlTemplate\":\"https:\\\/\\\/biospa.ee\\\/vanaveeb2026\\\/?lang=ru\\\/?s={search_term_string}\"},\"query-input\":{\"@type\":\"PropertyValueSpecification\",\"valueRequired\":true,\"valueName\":\"search_term_string\"}}],\"inLanguage\":\"et\"},{\"@type\":\"Organization\",\"@id\":\"https:\\\/\\\/biospa.ee\\\/vanaveeb2026\\\/?lang=ru\\\/#organization\",\"name\":\"Tesmasan O\u00dc\",\"url\":\"https:\\\/\\\/biospa.ee\\\/vanaveeb2026\\\/?lang=ru\\\/\",\"logo\":{\"@type\":\"ImageObject\",\"inLanguage\":\"et\",\"@id\":\"https:\\\/\\\/biospa.ee\\\/vanaveeb2026\\\/?lang=ru\\\/#\\\/schema\\\/logo\\\/image\\\/\",\"url\":\"https:\\\/\\\/biospa.ee\\\/vanaveeb2026\\\/vanaveeb2026\\\/wp-content\\\/uploads\\\/2023\\\/06\\\/BioSpa-loggo-est1-0-143.png\",\"contentUrl\":\"https:\\\/\\\/biospa.ee\\\/vanaveeb2026\\\/vanaveeb2026\\\/wp-content\\\/uploads\\\/2023\\\/06\\\/BioSpa-loggo-est1-0-143.png\",\"width\":143,\"height\":59,\"caption\":\"Tesmasan O\u00dc\"},\"image\":{\"@id\":\"https:\\\/\\\/biospa.ee\\\/vanaveeb2026\\\/?lang=ru\\\/#\\\/schema\\\/logo\\\/image\\\/\"},\"sameAs\":[\"https:\\\/\\\/www.facebook.com\\\/LoodusBioSpa\\\/\",\"https:\\\/\\\/www.instagram.com\\\/loodusbiospa\\\/\"]}]}<\/script>\n<!-- \/ Yoast SEO plugin. -->","yoast_head_json":{"title":"Vitalbase Plus 300 g - Loodus BioSpa","robots":{"index":"index","follow":"follow","max-snippet":"max-snippet:-1","max-image-preview":"max-image-preview:large","max-video-preview":"max-video-preview:-1"},"canonical":"https:\/\/biospa.ee\/vanaveeb2026\/toode\/vitalbase-plus-300-g\/","og_locale":"et_EE","og_type":"article","og_title":"Vitalbase Plus 300 g - Loodus BioSpa","og_description":"Dr. Stossieri j\u00e4rgi valmistatud aluseline segu. Energiaga rikastatud erilise tootmisprotsessi k\u00e4igus. Energeetiliselt laetud aluseline segu magneesiumiga sportlastele ja inimestele, kellel on suur magneesiumivajadus. Energeetiliselt laetud vitaal- ja mineraalained aitavad neutraliseerida ainevahetuse k\u00e4igus tekkivaid happeid.","og_url":"https:\/\/biospa.ee\/vanaveeb2026\/toode\/vitalbase-plus-300-g\/","og_site_name":"Loodus BioSpa","article_publisher":"https:\/\/www.facebook.com\/LoodusBioSpa\/","article_modified_time":"2026-03-31T12:47:44+00:00","og_image":[{"width":1080,"height":1080,"url":"https:\/\/biospa.ee\/vanaveeb2026\/wp-content\/uploads\/2025\/07\/E-POOD-TOOTED-6-1.jpg","type":"image\/jpeg"}],"twitter_card":"summary_large_image","twitter_misc":{"Est. reading time":"1 minut"},"schema":{"@context":"https:\/\/schema.org","@graph":[{"@type":"WebPage","@id":"https:\/\/biospa.ee\/vanaveeb2026\/toode\/vitalbase-plus-300-g\/","url":"https:\/\/biospa.ee\/vanaveeb2026\/toode\/vitalbase-plus-300-g\/","name":"Vitalbase Plus 300 g - Loodus BioSpa","isPartOf":{"@id":"https:\/\/biospa.ee\/vanaveeb2026\/?lang=ru\/#website"},"primaryImageOfPage":{"@id":"https:\/\/biospa.ee\/vanaveeb2026\/toode\/vitalbase-plus-300-g\/#primaryimage"},"image":{"@id":"https:\/\/biospa.ee\/vanaveeb2026\/toode\/vitalbase-plus-300-g\/#primaryimage"},"thumbnailUrl":"https:\/\/biospa.ee\/vanaveeb2026\/wp-content\/uploads\/2025\/07\/E-POOD-TOOTED-6-1.jpg","datePublished":"2025-07-22T13:07:58+00:00","dateModified":"2026-03-31T12:47:44+00:00","breadcrumb":{"@id":"https:\/\/biospa.ee\/vanaveeb2026\/toode\/vitalbase-plus-300-g\/#breadcrumb"},"inLanguage":"et","potentialAction":[{"@type":"ReadAction","target":["https:\/\/biospa.ee\/vanaveeb2026\/toode\/vitalbase-plus-300-g\/"]}]},{"@type":"ImageObject","inLanguage":"et","@id":"https:\/\/biospa.ee\/vanaveeb2026\/toode\/vitalbase-plus-300-g\/#primaryimage","url":"https:\/\/biospa.ee\/vanaveeb2026\/wp-content\/uploads\/2025\/07\/E-POOD-TOOTED-6-1.jpg","contentUrl":"https:\/\/biospa.ee\/vanaveeb2026\/wp-content\/uploads\/2025\/07\/E-POOD-TOOTED-6-1.jpg","width":1080,"height":1080},{"@type":"BreadcrumbList","@id":"https:\/\/biospa.ee\/vanaveeb2026\/toode\/vitalbase-plus-300-g\/#breadcrumb","itemListElement":[{"@type":"ListItem","position":1,"name":"Home","item":"https:\/\/biospa.ee\/vanaveeb2026\/"},{"@type":"ListItem","position":2,"name":"Pood","item":"https:\/\/biospa.ee\/vanaveeb2026\/pood\/"},{"@type":"ListItem","position":3,"name":"Vitalbase Plus 300 g"}]},{"@type":"WebSite","@id":"https:\/\/biospa.ee\/vanaveeb2026\/?lang=ru\/#website","url":"https:\/\/biospa.ee\/vanaveeb2026\/?lang=ru\/","name":"Loodus BioSpa","description":"Loodus BioSpa","publisher":{"@id":"https:\/\/biospa.ee\/vanaveeb2026\/?lang=ru\/#organization"},"potentialAction":[{"@type":"SearchAction","target":{"@type":"EntryPoint","urlTemplate":"https:\/\/biospa.ee\/vanaveeb2026\/?lang=ru\/?s={search_term_string}"},"query-input":{"@type":"PropertyValueSpecification","valueRequired":true,"valueName":"search_term_string"}}],"inLanguage":"et"},{"@type":"Organization","@id":"https:\/\/biospa.ee\/vanaveeb2026\/?lang=ru\/#organization","name":"Tesmasan O\u00dc","url":"https:\/\/biospa.ee\/vanaveeb2026\/?lang=ru\/","logo":{"@type":"ImageObject","inLanguage":"et","@id":"https:\/\/biospa.ee\/vanaveeb2026\/?lang=ru\/#\/schema\/logo\/image\/","url":"https:\/\/biospa.ee\/vanaveeb2026\/vanaveeb2026\/wp-content\/uploads\/2023\/06\/BioSpa-loggo-est1-0-143.png","contentUrl":"https:\/\/biospa.ee\/vanaveeb2026\/vanaveeb2026\/wp-content\/uploads\/2023\/06\/BioSpa-loggo-est1-0-143.png","width":143,"height":59,"caption":"Tesmasan O\u00dc"},"image":{"@id":"https:\/\/biospa.ee\/vanaveeb2026\/?lang=ru\/#\/schema\/logo\/image\/"},"sameAs":["https:\/\/www.facebook.com\/LoodusBioSpa\/","https:\/\/www.instagram.com\/loodusbiospa\/"]}]}},"_links":{"self":[{"href":"https:\/\/biospa.ee\/vanaveeb2026\/wp-json\/wp\/v2\/product\/94096","targetHints":{"allow":["GET"]}}],"collection":[{"href":"https:\/\/biospa.ee\/vanaveeb2026\/wp-json\/wp\/v2\/product"}],"about":[{"href":"https:\/\/biospa.ee\/vanaveeb2026\/wp-json\/wp\/v2\/types\/product"}],"wp:featuredmedia":[{"embeddable":true,"href":"https:\/\/biospa.ee\/vanaveeb2026\/wp-json\/wp\/v2\/media\/97359"}],"wp:attachment":[{"href":"https:\/\/biospa.ee\/vanaveeb2026\/wp-json\/wp\/v2\/media?parent=94096"}],"wp:term":[{"taxonomy":"product_brand","embeddable":true,"href":"https:\/\/biospa.ee\/vanaveeb2026\/wp-json\/wp\/v2\/product_brand?post=94096"},{"taxonomy":"product_cat","embeddable":true,"href":"https:\/\/biospa.ee\/vanaveeb2026\/wp-json\/wp\/v2\/product_cat?post=94096"},{"taxonomy":"product_tag","embeddable":true,"href":"https:\/\/biospa.ee\/vanaveeb2026\/wp-json\/wp\/v2\/product_tag?post=94096"}],"curies":[{"name":"wp","href":"https:\/\/api.w.org\/{rel}","templated":true}]}}